{"id":33556,"date":"2025-03-07T07:20:08","date_gmt":"2025-03-07T07:20:08","guid":{"rendered":"https:\/\/www.hradsaris.sk\/tribe_events\/\/"},"modified":"2025-03-07T07:20:08","modified_gmt":"2025-03-07T07:20:08","slug":"medzinarodny-den-zien-na-hrade-saris","status":"publish","type":"tribe_events","link":"https:\/\/www.hradsaris.sk\/%tribe_events-slug%\/medzinarodny-den-zien-na-hrade-saris\/","title":{"rendered":"Medzin\u00e1rodn\u00fd de\u0148 \u017eien na hrade \u0160ari\u0161."},"content":{"rendered":"<p data-start=\"0\" data-end=\"58\">\ud83c\udf38 <strong data-start=\"3\" data-end=\"51\">Aspo\u0148 jeden de\u0148 v roku patr\u00ed iba v\u00e1m, \u017dEN\u00c1M!<\/strong> \ud83c\udf38\ud83c\udff0<\/p>\n<p data-start=\"60\" data-end=\"226\">Preto v\u00e1s s \u00factou poz\u00fdvame na <strong data-start=\"90\" data-end=\"114\">kr\u00e1\u013eovsk\u00fd hrad \u0160ari\u0161<\/strong>, kde si m\u00f4\u017eete vychutna\u0165 pr\u00edjemn\u00fa prech\u00e1dzku, odd\u00fdchnu\u0165 si na mieste plnom hist\u00f3rie a za\u017ei\u0165 v\u00fdnimo\u010dn\u00e9 chv\u00edle.<\/p>\n<p data-start=\"228\" data-end=\"319\">\ud83d\udc51 <strong data-start=\"231\" data-end=\"317\">Na n\u00e1dvor\u00ed pred vami \u201epok\u013eakne\u201c hradn\u00fd kat a prejav\u00ed v\u00e1m \u00factu s malou pozornos\u0165ou.<\/strong><\/p>\n<p data-start=\"321\" data-end=\"427\">Doprajte si chv\u00ed\u013eku pre seba a za\u017eite de\u0148, kedy budete stredobodom pozornosti \u2013 lebo si to zasl\u00fa\u017eite! \ud83d\udc95<\/p>\n<p data-start=\"429\" data-end=\"514\">\ud83d\udcc5 <strong data-start=\"432\" data-end=\"442\">D\u00e1tum:<\/strong> 8.3.2025 a 9.3.2025<br data-start=\"462\" data-end=\"465\" \/>\u23f0 <strong data-start=\"467\" data-end=\"475\">\u010cas:<\/strong> od 11:00<br data-start=\"484\" data-end=\"487\" \/>\ud83d\udccd <strong data-start=\"490\" data-end=\"501\">Miesto:<\/strong> Hrad \u0160ari\u0161<\/p>\n<p data-start=\"516\" data-end=\"591\">Podujatie organizuje <strong data-start=\"537\" data-end=\"550\">OZ Hradba<\/strong> v spolupr\u00e1ci s <strong data-start=\"566\" data-end=\"588\">mestom Ve\u013ek\u00fd \u0160ari\u0161<\/strong>.<\/p>\n<p data-start=\"593\" data-end=\"614\">Te\u0161\u00edme sa na v\u00e1s! \u2728<\/p>\n<p data-start=\"616\" data-end=\"667\" data-is-last-node=\"\" data-is-only-node=\"\">\n","protected":false},"excerpt":{"rendered":"<p>\ud83c\udf38 Aspo\u0148 jeden de\u0148 v roku patr\u00ed iba v\u00e1m, \u017dEN\u00c1M! \ud83c\udf38\ud83c\udff0 Preto v\u00e1s s \u00factou poz\u00fdvame na kr\u00e1\u013eovsk\u00fd hrad \u0160ari\u0161, kde si m\u00f4\u017eete vychutna\u0165 pr\u00edjemn\u00fa prech\u00e1dzku, odd\u00fdchnu\u0165 si na mieste<\/p>\n","protected":false},"author":7,"featured_media":0,"comment_status":"open","ping_status":"closed","template":"","meta":{"inline_featured_image":false,"_monsterinsights_skip_tracking":false,"_monsterinsights_sitenote_active":false,"_monsterinsights_sitenote_note":"","_monsterinsights_sitenote_category":0,"_tribe_events_status":"","_tribe_events_status_reason":""},"tags":[],"tribe_events_cat":[12],"yoast_head":"<!-- This site is optimized with the Yoast SEO plugin v22.6 - https:\/\/yoast.com\/wordpress\/plugins\/seo\/ -->\n<title>Medzin\u00e1rodn\u00fd de\u0148 \u017eien na hrade \u0160ari\u0161.<\/title>\n<meta name=\"description\" content=\"\ud83c\udf38 Aspo\u0148 jeden de\u0148 v roku patr\u00ed iba v\u00e1m, \u017dEN\u00c1M! \ud83c\udf38\ud83c\udff0 Preto v\u00e1s s \u00factou poz\u00fdvame na kr\u00e1\u013eovsk\u00fd hrad \u0160ari\u0161, kde si m\u00f4\u017eete vychutna\u0165 pr\u00edjemn\u00fa prech\u00e1dzku, odd\u00fdchnu\u0165 si na mieste plnom hist\u00f3rie a za\u017ei\u0165 v\u00fdnimo\u010dn\u00e9 chv\u00edle. \ud83d\udc51 Na n\u00e1dvor\u00ed pred vami \u201epok\u013eakne\u201c hradn\u00fd kat a prejav\u00ed v\u00e1m \u00factu s malou pozornos\u0165ou. Doprajte si chv\u00ed\u013eku pre&hellip;\" \/>\n<meta name=\"robots\" content=\"index, follow, max-snippet:-1, max-image-preview:large, max-video-preview:-1\" \/>\n<link rel=\"canonical\" href=\"https:\/\/www.hradsaris.sk\/%tribe_events-slug%\/medzinarodny-den-zien-na-hrade-saris\/\" \/>\n<meta property=\"og:locale\" content=\"en_GB\" \/>\n<meta property=\"og:type\" content=\"article\" \/>\n<meta property=\"og:title\" content=\"Medzin\u00e1rodn\u00fd de\u0148 \u017eien na hrade \u0160ari\u0161.\" \/>\n<meta property=\"og:description\" content=\"\ud83c\udf38 Aspo\u0148 jeden de\u0148 v roku patr\u00ed iba v\u00e1m, \u017dEN\u00c1M! \ud83c\udf38\ud83c\udff0 Preto v\u00e1s s \u00factou poz\u00fdvame na kr\u00e1\u013eovsk\u00fd hrad \u0160ari\u0161, kde si m\u00f4\u017eete vychutna\u0165 pr\u00edjemn\u00fa prech\u00e1dzku, odd\u00fdchnu\u0165 si na mieste plnom hist\u00f3rie a za\u017ei\u0165 v\u00fdnimo\u010dn\u00e9 chv\u00edle. \ud83d\udc51 Na n\u00e1dvor\u00ed pred vami \u201epok\u013eakne\u201c hradn\u00fd kat a prejav\u00ed v\u00e1m \u00factu s malou pozornos\u0165ou. Doprajte si chv\u00ed\u013eku pre&hellip;\" \/>\n<meta property=\"og:url\" content=\"https:\/\/www.hradsaris.sk\/%tribe_events-slug%\/medzinarodny-den-zien-na-hrade-saris\/\" \/>\n<meta property=\"og:site_name\" content=\"Hrad \u0160ari\u0161\" \/>\n<meta property=\"og:image\" content=\"https:\/\/www.hradsaris.sk\/wp-content\/uploads\/2025\/03\/Pink-White-Modern-International-Womens-Day-Greeting-Facebook-Post.jpg\" \/>\n\t<meta property=\"og:image:width\" content=\"940\" \/>\n\t<meta property=\"og:image:height\" content=\"788\" \/>\n\t<meta property=\"og:image:type\" content=\"image\/jpeg\" \/>\n<meta name=\"twitter:card\" content=\"summary_large_image\" \/>\n<meta name=\"twitter:label1\" content=\"Estimated reading time\" \/>\n\t<meta name=\"twitter:data1\" content=\"1 minute\" \/>\n<script type=\"application\/ld+json\" class=\"yoast-schema-graph\">{\"@context\":\"https:\/\/schema.org\",\"@graph\":[{\"@type\":\"WebPage\",\"@id\":\"https:\/\/www.hradsaris.sk\/%tribe_events-slug%\/medzinarodny-den-zien-na-hrade-saris\/\",\"url\":\"https:\/\/www.hradsaris.sk\/%tribe_events-slug%\/medzinarodny-den-zien-na-hrade-saris\/\",\"name\":\"Medzin\u00e1rodn\u00fd de\u0148 \u017eien na hrade \u0160ari\u0161. - Hrad \u0160ari\u0161\",\"isPartOf\":{\"@id\":\"https:\/\/www.hradsaris.sk\/#website\"},\"datePublished\":\"2025-03-07T07:20:08+00:00\",\"dateModified\":\"2025-03-07T07:20:08+00:00\",\"breadcrumb\":{\"@id\":\"https:\/\/www.hradsaris.sk\/%tribe_events-slug%\/medzinarodny-den-zien-na-hrade-saris\/#breadcrumb\"},\"inLanguage\":\"en-GB\",\"potentialAction\":[{\"@type\":\"ReadAction\",\"target\":[\"https:\/\/www.hradsaris.sk\/%tribe_events-slug%\/medzinarodny-den-zien-na-hrade-saris\/\"]}]},{\"@type\":\"BreadcrumbList\",\"@id\":\"https:\/\/www.hradsaris.sk\/%tribe_events-slug%\/medzinarodny-den-zien-na-hrade-saris\/#breadcrumb\",\"itemListElement\":[{\"@type\":\"ListItem\",\"position\":1,\"name\":\"Home\",\"item\":\"https:\/\/www.hradsaris.sk\/\"},{\"@type\":\"ListItem\",\"position\":2,\"name\":\"Udalosti\",\"item\":\"https:\/\/www.hradsaris.sk\/tribe_events\/\"},{\"@type\":\"ListItem\",\"position\":3,\"name\":\"Medzin\u00e1rodn\u00fd de\u0148 \u017eien na hrade \u0160ari\u0161.\"}]},{\"@type\":\"WebSite\",\"@id\":\"https:\/\/www.hradsaris.sk\/#website\",\"url\":\"https:\/\/www.hradsaris.sk\/\",\"name\":\"Hrad \u0160ari\u0161\",\"description\":\"Historick\u00e9 srdce \u0160ari\u0161a\",\"potentialAction\":[{\"@type\":\"SearchAction\",\"target\":{\"@type\":\"EntryPoint\",\"urlTemplate\":\"https:\/\/www.hradsaris.sk\/?s={search_term_string}\"},\"query-input\":\"required name=search_term_string\"}],\"inLanguage\":\"en-GB\"}]}<\/script>\n<!-- \/ Yoast SEO plugin. -->","yoast_head_json":{"title":"Medzin\u00e1rodn\u00fd de\u0148 \u017eien na hrade \u0160ari\u0161.","description":"\ud83c\udf38 Aspo\u0148 jeden de\u0148 v roku patr\u00ed iba v\u00e1m, \u017dEN\u00c1M! \ud83c\udf38\ud83c\udff0 Preto v\u00e1s s \u00factou poz\u00fdvame na kr\u00e1\u013eovsk\u00fd hrad \u0160ari\u0161, kde si m\u00f4\u017eete vychutna\u0165 pr\u00edjemn\u00fa prech\u00e1dzku, odd\u00fdchnu\u0165 si na mieste plnom hist\u00f3rie a za\u017ei\u0165 v\u00fdnimo\u010dn\u00e9 chv\u00edle. \ud83d\udc51 Na n\u00e1dvor\u00ed pred vami \u201epok\u013eakne\u201c hradn\u00fd kat a prejav\u00ed v\u00e1m \u00factu s malou pozornos\u0165ou. Doprajte si chv\u00ed\u013eku pre&hellip;","robots":{"index":"index","follow":"follow","max-snippet":"max-snippet:-1","max-image-preview":"max-image-preview:large","max-video-preview":"max-video-preview:-1"},"canonical":"https:\/\/www.hradsaris.sk\/%tribe_events-slug%\/medzinarodny-den-zien-na-hrade-saris\/","og_locale":"en_GB","og_type":"article","og_title":"Medzin\u00e1rodn\u00fd de\u0148 \u017eien na hrade \u0160ari\u0161.","og_description":"\ud83c\udf38 Aspo\u0148 jeden de\u0148 v roku patr\u00ed iba v\u00e1m, \u017dEN\u00c1M! \ud83c\udf38\ud83c\udff0 Preto v\u00e1s s \u00factou poz\u00fdvame na kr\u00e1\u013eovsk\u00fd hrad \u0160ari\u0161, kde si m\u00f4\u017eete vychutna\u0165 pr\u00edjemn\u00fa prech\u00e1dzku, odd\u00fdchnu\u0165 si na mieste plnom hist\u00f3rie a za\u017ei\u0165 v\u00fdnimo\u010dn\u00e9 chv\u00edle. \ud83d\udc51 Na n\u00e1dvor\u00ed pred vami \u201epok\u013eakne\u201c hradn\u00fd kat a prejav\u00ed v\u00e1m \u00factu s malou pozornos\u0165ou. Doprajte si chv\u00ed\u013eku pre&hellip;","og_url":"https:\/\/www.hradsaris.sk\/%tribe_events-slug%\/medzinarodny-den-zien-na-hrade-saris\/","og_site_name":"Hrad \u0160ari\u0161","og_image":[{"width":940,"height":788,"url":"https:\/\/www.hradsaris.sk\/wp-content\/uploads\/2025\/03\/Pink-White-Modern-International-Womens-Day-Greeting-Facebook-Post.jpg","type":"image\/jpeg"}],"twitter_card":"summary_large_image","twitter_misc":{"Estimated reading time":"1 minute"},"schema":{"@context":"https:\/\/schema.org","@graph":[{"@type":"WebPage","@id":"https:\/\/www.hradsaris.sk\/%tribe_events-slug%\/medzinarodny-den-zien-na-hrade-saris\/","url":"https:\/\/www.hradsaris.sk\/%tribe_events-slug%\/medzinarodny-den-zien-na-hrade-saris\/","name":"Medzin\u00e1rodn\u00fd de\u0148 \u017eien na hrade \u0160ari\u0161. - Hrad \u0160ari\u0161","isPartOf":{"@id":"https:\/\/www.hradsaris.sk\/#website"},"datePublished":"2025-03-07T07:20:08+00:00","dateModified":"2025-03-07T07:20:08+00:00","breadcrumb":{"@id":"https:\/\/www.hradsaris.sk\/%tribe_events-slug%\/medzinarodny-den-zien-na-hrade-saris\/#breadcrumb"},"inLanguage":"en-GB","potentialAction":[{"@type":"ReadAction","target":["https:\/\/www.hradsaris.sk\/%tribe_events-slug%\/medzinarodny-den-zien-na-hrade-saris\/"]}]},{"@type":"BreadcrumbList","@id":"https:\/\/www.hradsaris.sk\/%tribe_events-slug%\/medzinarodny-den-zien-na-hrade-saris\/#breadcrumb","itemListElement":[{"@type":"ListItem","position":1,"name":"Home","item":"https:\/\/www.hradsaris.sk\/"},{"@type":"ListItem","position":2,"name":"Udalosti","item":"https:\/\/www.hradsaris.sk\/tribe_events\/"},{"@type":"ListItem","position":3,"name":"Medzin\u00e1rodn\u00fd de\u0148 \u017eien na hrade \u0160ari\u0161."}]},{"@type":"WebSite","@id":"https:\/\/www.hradsaris.sk\/#website","url":"https:\/\/www.hradsaris.sk\/","name":"Hrad \u0160ari\u0161","description":"Historick\u00e9 srdce \u0160ari\u0161a","potentialAction":[{"@type":"SearchAction","target":{"@type":"EntryPoint","urlTemplate":"https:\/\/www.hradsaris.sk\/?s={search_term_string}"},"query-input":"required name=search_term_string"}],"inLanguage":"en-GB"}]}},"_links":{"self":[{"href":"https:\/\/www.hradsaris.sk\/wp-json\/wp\/v2\/tribe_events\/33556"}],"collection":[{"href":"https:\/\/www.hradsaris.sk\/wp-json\/wp\/v2\/tribe_events"}],"about":[{"href":"https:\/\/www.hradsaris.sk\/wp-json\/wp\/v2\/types\/tribe_events"}],"author":[{"embeddable":true,"href":"https:\/\/www.hradsaris.sk\/wp-json\/wp\/v2\/users\/7"}],"replies":[{"embeddable":true,"href":"https:\/\/www.hradsaris.sk\/wp-json\/wp\/v2\/comments?post=33556"}],"version-history":[{"count":1,"href":"https:\/\/www.hradsaris.sk\/wp-json\/wp\/v2\/tribe_events\/33556\/revisions"}],"predecessor-version":[{"id":33558,"href":"https:\/\/www.hradsaris.sk\/wp-json\/wp\/v2\/tribe_events\/33556\/revisions\/33558"}],"wp:attachment":[{"href":"https:\/\/www.hradsaris.sk\/wp-json\/wp\/v2\/media?parent=33556"}],"wp:term":[{"taxonomy":"post_tag","embeddable":true,"href":"https:\/\/www.hradsaris.sk\/wp-json\/wp\/v2\/tags?post=33556"},{"taxonomy":"tribe_events_cat","embeddable":true,"href":"https:\/\/www.hradsaris.sk\/wp-json\/wp\/v2\/tribe_events_cat?post=33556"}],"curies":[{"name":"wp","href":"https:\/\/api.w.org\/{rel}","templated":true}]}}

Medzinárodný deň žien na hrade Šariš.

<p data-start="0" data-end="58">🌸 <strong data-start="3" data-end="51">Aspoň jeden deň v roku patrí iba vám, ŽENÁM!</strong> 🌸🏰</p>
<p data-start="60" data-end="226">Preto vás s úctou pozývame na <strong data-start="90" data-end="114">kráľovský hrad Šariš</strong>, kde si môžete vychutnať príjemnú prechádzku, oddýchnuť si na mieste plnom histórie a zažiť výnimočné chvíle.</p>
<p data-start="228" data-end="319">👑 <strong data-start="231" data-end="317">Na nádvorí pred vami „pokľakne“ hradný kat a prejaví vám úctu s malou pozornosťou.</strong></p>
<p data-start="321" data-end="427">Doprajte si chvíľku pre seba a zažite deň, kedy budete stredobodom pozornosti – lebo si to zaslúžite! 💕</p>
<p data-start="429" data-end="514">📅 <strong data-start="432" data-end="442">Dátum:</strong> 8.3.2025 a 9.3.2025<br data-start="462" data-end="465" />⏰ <strong data-start="467" data-end="475">Čas:</strong> od 11:00<br data-start="484" data-end="487" />📍 <strong data-start="490" data-end="501">Miesto:</strong> Hrad Šariš</p>
<p data-start="516" data-end="591">Podujatie organizuje <strong data-start="537" data-end="550">OZ Hradba</strong> v spolupráci s <strong data-start="566" data-end="588">mestom Veľký Šariš</strong>.</p>
<p data-start="593" data-end="614">Tešíme sa na vás! ✨</p>
<p data-start="616" data-end="667" data-is-last-node="" data-is-only-node="">

<p>🌸 Aspoň jeden deň v roku patrí iba vám, ŽENÁM! 🌸🏰 Preto vás s úctou pozývame na kráľovský hrad Šariš, kde si môžete vychutnať príjemnú prechádzku, oddýchnuť si na mieste</p>

<!-- This site is optimized with the Yoast SEO plugin v22.6 - https://yoast.com/wordpress/plugins/seo/ -->
<title>Medzinárodný deň žien na hrade Šariš.</title>
<meta name="description" content="🌸 Aspoň jeden deň v roku patrí iba vám, ŽENÁM! 🌸🏰 Preto vás s úctou pozývame na kráľovský hrad Šariš, kde si môžete vychutnať príjemnú prechádzku, oddýchnuť si na mieste plnom histórie a zažiť výnimočné chvíle. 👑 Na nádvorí pred vami „pokľakne“ hradný kat a prejaví vám úctu s malou pozornosťou. Doprajte si chvíľku pre&hellip;" />
<meta name="robots" content="index, follow, max-snippet:-1, max-image-preview:large, max-video-preview:-1" />
<link rel="canonical" href="https://www.hradsaris.sk/%tribe_events-slug%/medzinarodny-den-zien-na-hrade-saris/" />
<meta property="og:locale" content="en_GB" />
<meta property="og:type" content="article" />
<meta property="og:title" content="Medzinárodný deň žien na hrade Šariš." />
<meta property="og:description" content="🌸 Aspoň jeden deň v roku patrí iba vám, ŽENÁM! 🌸🏰 Preto vás s úctou pozývame na kráľovský hrad Šariš, kde si môžete vychutnať príjemnú prechádzku, oddýchnuť si na mieste plnom histórie a zažiť výnimočné chvíle. 👑 Na nádvorí pred vami „pokľakne“ hradný kat a prejaví vám úctu s malou pozornosťou. Doprajte si chvíľku pre&hellip;" />
<meta property="og:url" content="https://www.hradsaris.sk/%tribe_events-slug%/medzinarodny-den-zien-na-hrade-saris/" />
<meta property="og:site_name" content="Hrad Šariš" />
<meta property="og:image" content="https://www.hradsaris.sk/wp-content/uploads/2025/03/Pink-White-Modern-International-Womens-Day-Greeting-Facebook-Post.jpg" />
	<meta property="og:image:width" content="940" />
	<meta property="og:image:height" content="788" />
	<meta property="og:image:type" content="image/jpeg" />
<meta name="twitter:card" content="summary_large_image" />
<meta name="twitter:label1" content="Estimated reading time" />
	<meta name="twitter:data1" content="1 minute" />
<script type="application/ld+json" class="yoast-schema-graph">{"@context":"https://schema.org","@graph":[{"@type":"WebPage","@id":"https://www.hradsaris.sk/%tribe_events-slug%/medzinarodny-den-zien-na-hrade-saris/","url":"https://www.hradsaris.sk/%tribe_events-slug%/medzinarodny-den-zien-na-hrade-saris/","name":"Medzinárodný deň žien na hrade Šariš. - Hrad Šariš","isPartOf":{"@id":"https://www.hradsaris.sk/#website"},"datePublished":"2025-03-07T07:20:08+00:00","dateModified":"2025-03-07T07:20:08+00:00","breadcrumb":{"@id":"https://www.hradsaris.sk/%tribe_events-slug%/medzinarodny-den-zien-na-hrade-saris/#breadcrumb"},"inLanguage":"en-GB","potentialAction":[{"@type":"ReadAction","target":["https://www.hradsaris.sk/%tribe_events-slug%/medzinarodny-den-zien-na-hrade-saris/"]}]},{"@type":"BreadcrumbList","@id":"https://www.hradsaris.sk/%tribe_events-slug%/medzinarodny-den-zien-na-hrade-saris/#breadcrumb","itemListElement":[{"@type":"ListItem","position":1,"name":"Home","item":"https://www.hradsaris.sk/"},{"@type":"ListItem","position":2,"name":"Udalosti","item":"https://www.hradsaris.sk/tribe_events/"},{"@type":"ListItem","position":3,"name":"Medzinárodný deň žien na hrade Šariš."}]},{"@type":"WebSite","@id":"https://www.hradsaris.sk/#website","url":"https://www.hradsaris.sk/","name":"Hrad Šariš","description":"Historické srdce Šariša","potentialAction":[{"@type":"SearchAction","target":{"@type":"EntryPoint","urlTemplate":"https://www.hradsaris.sk/?s={search_term_string}"},"query-input":"required name=search_term_string"}],"inLanguage":"en-GB"}]}</script>
<!-- / Yoast SEO plugin. -->

🌸 Aspoň jeden deň v roku patrí iba vám, ŽENÁM! 🌸🏰 Preto vás s úctou pozývame na kráľovský hrad Šariš, kde si môžete vychutnať príjemnú prechádzku, oddýchnuť si na mieste plnom histórie a zažiť výnimočné chvíle. 👑 Na nádvorí pred vami „pokľakne“ hradný kat a prejaví vám úctu s malou pozornosťou. Doprajte si chvíľku pre&hellip;

Hrad Šariš

Medzinárodný deň žien na hrade Šariš. - Hrad Šariš

Historické srdce Šariša
