{"id":33440,"date":"2024-10-28T15:33:21","date_gmt":"2024-10-28T15:33:21","guid":{"rendered":"https:\/\/www.hradsaris.sk\/tribe_events\/\/"},"modified":"2024-10-28T15:33:21","modified_gmt":"2024-10-28T15:33:21","slug":"jesenne-prazdniny-na-hrade-saris","status":"publish","type":"tribe_events","link":"https:\/\/www.hradsaris.sk\/%tribe_events-slug%\/jesenne-prazdniny-na-hrade-saris\/","title":{"rendered":"Jesenn\u00e9 pr\u00e1zdniny na hrade \u0160ari\u0161"},"content":{"rendered":"<p>Poz\u00fdvame V\u00e1s str\u00e1vi\u0165 de\u0148 prech\u00e1dzkou do pr\u00edrody a na hrad \u0160ari\u0161, kde V\u00e1s \u010dakaj\u00fa aktivity a slu\u017eby sprievodcov.<\/p>\n<p>&nbsp;<\/p>\n<p>Za\u017eite farebn\u00fa jese\u0148 na hrade \u0160ari\u0161.<\/p>\n","protected":false},"excerpt":{"rendered":"<p>Poz\u00fdvame V\u00e1s str\u00e1vi\u0165 de\u0148 prech\u00e1dzkou do pr\u00edrody a na hrad \u0160ari\u0161, kde V\u00e1s \u010dakaj\u00fa aktivity a slu\u017eby sprievodcov. &nbsp; Za\u017eite farebn\u00fa jese\u0148 na hrade \u0160ari\u0161.<\/p>\n","protected":false},"author":7,"featured_media":33441,"comment_status":"open","ping_status":"closed","template":"","meta":{"inline_featured_image":false,"_monsterinsights_skip_tracking":false,"_monsterinsights_sitenote_active":false,"_monsterinsights_sitenote_note":"","_monsterinsights_sitenote_category":0,"_tribe_events_status":"","_tribe_events_status_reason":""},"tags":[],"tribe_events_cat":[],"yoast_head":"<!-- This site is optimized with the Yoast SEO plugin v22.6 - https:\/\/yoast.com\/wordpress\/plugins\/seo\/ -->\n<title>Jesenn\u00e9 pr\u00e1zdniny na hrade \u0160ari\u0161<\/title>\n<meta name=\"description\" content=\"Poz\u00fdvame V\u00e1s str\u00e1vi\u0165 de\u0148 prech\u00e1dzkou do pr\u00edrody a na hrad \u0160ari\u0161, kde V\u00e1s \u010dakaj\u00fa aktivity a slu\u017eby sprievodcov. &nbsp; Za\u017eite farebn\u00fa jese\u0148 na hrade \u0160ari\u0161.\" \/>\n<meta name=\"robots\" content=\"index, follow, max-snippet:-1, max-image-preview:large, max-video-preview:-1\" \/>\n<link rel=\"canonical\" href=\"https:\/\/www.hradsaris.sk\/%tribe_events-slug%\/jesenne-prazdniny-na-hrade-saris\/\" \/>\n<meta property=\"og:locale\" content=\"en_GB\" \/>\n<meta property=\"og:type\" content=\"article\" \/>\n<meta property=\"og:title\" content=\"Jesenn\u00e9 pr\u00e1zdniny na hrade \u0160ari\u0161\" \/>\n<meta property=\"og:description\" content=\"Poz\u00fdvame V\u00e1s str\u00e1vi\u0165 de\u0148 prech\u00e1dzkou do pr\u00edrody a na hrad \u0160ari\u0161, kde V\u00e1s \u010dakaj\u00fa aktivity a slu\u017eby sprievodcov. &nbsp; Za\u017eite farebn\u00fa jese\u0148 na hrade \u0160ari\u0161.\" \/>\n<meta property=\"og:url\" content=\"https:\/\/www.hradsaris.sk\/%tribe_events-slug%\/jesenne-prazdniny-na-hrade-saris\/\" \/>\n<meta property=\"og:site_name\" content=\"Hrad \u0160ari\u0161\" \/>\n<meta property=\"og:image\" content=\"https:\/\/www.hradsaris.sk\/wp-content\/uploads\/2024\/10\/Beige-Autumn-Watercolor-Your-Story.jpg\" \/>\n\t<meta property=\"og:image:width\" content=\"1080\" \/>\n\t<meta property=\"og:image:height\" content=\"1920\" \/>\n\t<meta property=\"og:image:type\" content=\"image\/jpeg\" \/>\n<meta name=\"twitter:card\" content=\"summary_large_image\" \/>\n<meta name=\"twitter:label1\" content=\"Estimated reading time\" \/>\n\t<meta name=\"twitter:data1\" content=\"1 minute\" \/>\n<script type=\"application\/ld+json\" class=\"yoast-schema-graph\">{\"@context\":\"https:\/\/schema.org\",\"@graph\":[{\"@type\":\"WebPage\",\"@id\":\"https:\/\/www.hradsaris.sk\/%tribe_events-slug%\/jesenne-prazdniny-na-hrade-saris\/\",\"url\":\"https:\/\/www.hradsaris.sk\/%tribe_events-slug%\/jesenne-prazdniny-na-hrade-saris\/\",\"name\":\"Jesenn\u00e9 pr\u00e1zdniny na hrade \u0160ari\u0161 - Hrad \u0160ari\u0161\",\"isPartOf\":{\"@id\":\"https:\/\/www.hradsaris.sk\/#website\"},\"primaryImageOfPage\":{\"@id\":\"https:\/\/www.hradsaris.sk\/%tribe_events-slug%\/jesenne-prazdniny-na-hrade-saris\/#primaryimage\"},\"image\":{\"@id\":\"https:\/\/www.hradsaris.sk\/%tribe_events-slug%\/jesenne-prazdniny-na-hrade-saris\/#primaryimage\"},\"thumbnailUrl\":\"https:\/\/www.hradsaris.sk\/wp-content\/uploads\/2024\/10\/Beige-Autumn-Watercolor-Your-Story.jpg\",\"datePublished\":\"2024-10-28T15:33:21+00:00\",\"dateModified\":\"2024-10-28T15:33:21+00:00\",\"breadcrumb\":{\"@id\":\"https:\/\/www.hradsaris.sk\/%tribe_events-slug%\/jesenne-prazdniny-na-hrade-saris\/#breadcrumb\"},\"inLanguage\":\"en-GB\",\"potentialAction\":[{\"@type\":\"ReadAction\",\"target\":[\"https:\/\/www.hradsaris.sk\/%tribe_events-slug%\/jesenne-prazdniny-na-hrade-saris\/\"]}]},{\"@type\":\"ImageObject\",\"inLanguage\":\"en-GB\",\"@id\":\"https:\/\/www.hradsaris.sk\/%tribe_events-slug%\/jesenne-prazdniny-na-hrade-saris\/#primaryimage\",\"url\":\"https:\/\/www.hradsaris.sk\/wp-content\/uploads\/2024\/10\/Beige-Autumn-Watercolor-Your-Story.jpg\",\"contentUrl\":\"https:\/\/www.hradsaris.sk\/wp-content\/uploads\/2024\/10\/Beige-Autumn-Watercolor-Your-Story.jpg\",\"width\":1080,\"height\":1920,\"caption\":\"Jesenn\u00e9 pr\u00e1zdniny hrad \u0160ari\u0161\"},{\"@type\":\"BreadcrumbList\",\"@id\":\"https:\/\/www.hradsaris.sk\/%tribe_events-slug%\/jesenne-prazdniny-na-hrade-saris\/#breadcrumb\",\"itemListElement\":[{\"@type\":\"ListItem\",\"position\":1,\"name\":\"Home\",\"item\":\"https:\/\/www.hradsaris.sk\/\"},{\"@type\":\"ListItem\",\"position\":2,\"name\":\"Udalosti\",\"item\":\"https:\/\/www.hradsaris.sk\/tribe_events\/\"},{\"@type\":\"ListItem\",\"position\":3,\"name\":\"Jesenn\u00e9 pr\u00e1zdniny na hrade \u0160ari\u0161\"}]},{\"@type\":\"WebSite\",\"@id\":\"https:\/\/www.hradsaris.sk\/#website\",\"url\":\"https:\/\/www.hradsaris.sk\/\",\"name\":\"Hrad \u0160ari\u0161\",\"description\":\"Historick\u00e9 srdce \u0160ari\u0161a\",\"potentialAction\":[{\"@type\":\"SearchAction\",\"target\":{\"@type\":\"EntryPoint\",\"urlTemplate\":\"https:\/\/www.hradsaris.sk\/?s={search_term_string}\"},\"query-input\":\"required name=search_term_string\"}],\"inLanguage\":\"en-GB\"}]}<\/script>\n<!-- \/ Yoast SEO plugin. -->","yoast_head_json":{"title":"Jesenn\u00e9 pr\u00e1zdniny na hrade \u0160ari\u0161","description":"Poz\u00fdvame V\u00e1s str\u00e1vi\u0165 de\u0148 prech\u00e1dzkou do pr\u00edrody a na hrad \u0160ari\u0161, kde V\u00e1s \u010dakaj\u00fa aktivity a slu\u017eby sprievodcov. &nbsp; Za\u017eite farebn\u00fa jese\u0148 na hrade \u0160ari\u0161.","robots":{"index":"index","follow":"follow","max-snippet":"max-snippet:-1","max-image-preview":"max-image-preview:large","max-video-preview":"max-video-preview:-1"},"canonical":"https:\/\/www.hradsaris.sk\/%tribe_events-slug%\/jesenne-prazdniny-na-hrade-saris\/","og_locale":"en_GB","og_type":"article","og_title":"Jesenn\u00e9 pr\u00e1zdniny na hrade \u0160ari\u0161","og_description":"Poz\u00fdvame V\u00e1s str\u00e1vi\u0165 de\u0148 prech\u00e1dzkou do pr\u00edrody a na hrad \u0160ari\u0161, kde V\u00e1s \u010dakaj\u00fa aktivity a slu\u017eby sprievodcov. &nbsp; Za\u017eite farebn\u00fa jese\u0148 na hrade \u0160ari\u0161.","og_url":"https:\/\/www.hradsaris.sk\/%tribe_events-slug%\/jesenne-prazdniny-na-hrade-saris\/","og_site_name":"Hrad \u0160ari\u0161","og_image":[{"width":1080,"height":1920,"url":"https:\/\/www.hradsaris.sk\/wp-content\/uploads\/2024\/10\/Beige-Autumn-Watercolor-Your-Story.jpg","type":"image\/jpeg"}],"twitter_card":"summary_large_image","twitter_misc":{"Estimated reading time":"1 minute"},"schema":{"@context":"https:\/\/schema.org","@graph":[{"@type":"WebPage","@id":"https:\/\/www.hradsaris.sk\/%tribe_events-slug%\/jesenne-prazdniny-na-hrade-saris\/","url":"https:\/\/www.hradsaris.sk\/%tribe_events-slug%\/jesenne-prazdniny-na-hrade-saris\/","name":"Jesenn\u00e9 pr\u00e1zdniny na hrade \u0160ari\u0161 - Hrad \u0160ari\u0161","isPartOf":{"@id":"https:\/\/www.hradsaris.sk\/#website"},"primaryImageOfPage":{"@id":"https:\/\/www.hradsaris.sk\/%tribe_events-slug%\/jesenne-prazdniny-na-hrade-saris\/#primaryimage"},"image":{"@id":"https:\/\/www.hradsaris.sk\/%tribe_events-slug%\/jesenne-prazdniny-na-hrade-saris\/#primaryimage"},"thumbnailUrl":"https:\/\/www.hradsaris.sk\/wp-content\/uploads\/2024\/10\/Beige-Autumn-Watercolor-Your-Story.jpg","datePublished":"2024-10-28T15:33:21+00:00","dateModified":"2024-10-28T15:33:21+00:00","breadcrumb":{"@id":"https:\/\/www.hradsaris.sk\/%tribe_events-slug%\/jesenne-prazdniny-na-hrade-saris\/#breadcrumb"},"inLanguage":"en-GB","potentialAction":[{"@type":"ReadAction","target":["https:\/\/www.hradsaris.sk\/%tribe_events-slug%\/jesenne-prazdniny-na-hrade-saris\/"]}]},{"@type":"ImageObject","inLanguage":"en-GB","@id":"https:\/\/www.hradsaris.sk\/%tribe_events-slug%\/jesenne-prazdniny-na-hrade-saris\/#primaryimage","url":"https:\/\/www.hradsaris.sk\/wp-content\/uploads\/2024\/10\/Beige-Autumn-Watercolor-Your-Story.jpg","contentUrl":"https:\/\/www.hradsaris.sk\/wp-content\/uploads\/2024\/10\/Beige-Autumn-Watercolor-Your-Story.jpg","width":1080,"height":1920,"caption":"Jesenn\u00e9 pr\u00e1zdniny hrad \u0160ari\u0161"},{"@type":"BreadcrumbList","@id":"https:\/\/www.hradsaris.sk\/%tribe_events-slug%\/jesenne-prazdniny-na-hrade-saris\/#breadcrumb","itemListElement":[{"@type":"ListItem","position":1,"name":"Home","item":"https:\/\/www.hradsaris.sk\/"},{"@type":"ListItem","position":2,"name":"Udalosti","item":"https:\/\/www.hradsaris.sk\/tribe_events\/"},{"@type":"ListItem","position":3,"name":"Jesenn\u00e9 pr\u00e1zdniny na hrade \u0160ari\u0161"}]},{"@type":"WebSite","@id":"https:\/\/www.hradsaris.sk\/#website","url":"https:\/\/www.hradsaris.sk\/","name":"Hrad \u0160ari\u0161","description":"Historick\u00e9 srdce \u0160ari\u0161a","potentialAction":[{"@type":"SearchAction","target":{"@type":"EntryPoint","urlTemplate":"https:\/\/www.hradsaris.sk\/?s={search_term_string}"},"query-input":"required name=search_term_string"}],"inLanguage":"en-GB"}]}},"_links":{"self":[{"href":"https:\/\/www.hradsaris.sk\/wp-json\/wp\/v2\/tribe_events\/33440"}],"collection":[{"href":"https:\/\/www.hradsaris.sk\/wp-json\/wp\/v2\/tribe_events"}],"about":[{"href":"https:\/\/www.hradsaris.sk\/wp-json\/wp\/v2\/types\/tribe_events"}],"author":[{"embeddable":true,"href":"https:\/\/www.hradsaris.sk\/wp-json\/wp\/v2\/users\/7"}],"replies":[{"embeddable":true,"href":"https:\/\/www.hradsaris.sk\/wp-json\/wp\/v2\/comments?post=33440"}],"version-history":[{"count":1,"href":"https:\/\/www.hradsaris.sk\/wp-json\/wp\/v2\/tribe_events\/33440\/revisions"}],"predecessor-version":[{"id":33442,"href":"https:\/\/www.hradsaris.sk\/wp-json\/wp\/v2\/tribe_events\/33440\/revisions\/33442"}],"wp:featuredmedia":[{"embeddable":true,"href":"https:\/\/www.hradsaris.sk\/wp-json\/wp\/v2\/media\/33441"}],"wp:attachment":[{"href":"https:\/\/www.hradsaris.sk\/wp-json\/wp\/v2\/media?parent=33440"}],"wp:term":[{"taxonomy":"post_tag","embeddable":true,"href":"https:\/\/www.hradsaris.sk\/wp-json\/wp\/v2\/tags?post=33440"},{"taxonomy":"tribe_events_cat","embeddable":true,"href":"https:\/\/www.hradsaris.sk\/wp-json\/wp\/v2\/tribe_events_cat?post=33440"}],"curies":[{"name":"wp","href":"https:\/\/api.w.org\/{rel}","templated":true}]}}

Jesenné prázdniny na hrade Šariš

<p>Pozývame Vás stráviť deň prechádzkou do prírody a na hrad Šariš, kde Vás čakajú aktivity a služby sprievodcov.</p>
<p>&nbsp;</p>
<p>Zažite farebnú jeseň na hrade Šariš.</p>

<p>Pozývame Vás stráviť deň prechádzkou do prírody a na hrad Šariš, kde Vás čakajú aktivity a služby sprievodcov. &nbsp; Zažite farebnú jeseň na hrade Šariš.</p>

<!-- This site is optimized with the Yoast SEO plugin v22.6 - https://yoast.com/wordpress/plugins/seo/ -->
<title>Jesenné prázdniny na hrade Šariš</title>
<meta name="description" content="Pozývame Vás stráviť deň prechádzkou do prírody a na hrad Šariš, kde Vás čakajú aktivity a služby sprievodcov. &nbsp; Zažite farebnú jeseň na hrade Šariš." />
<meta name="robots" content="index, follow, max-snippet:-1, max-image-preview:large, max-video-preview:-1" />
<link rel="canonical" href="https://www.hradsaris.sk/%tribe_events-slug%/jesenne-prazdniny-na-hrade-saris/" />
<meta property="og:locale" content="en_GB" />
<meta property="og:type" content="article" />
<meta property="og:title" content="Jesenné prázdniny na hrade Šariš" />
<meta property="og:description" content="Pozývame Vás stráviť deň prechádzkou do prírody a na hrad Šariš, kde Vás čakajú aktivity a služby sprievodcov. &nbsp; Zažite farebnú jeseň na hrade Šariš." />
<meta property="og:url" content="https://www.hradsaris.sk/%tribe_events-slug%/jesenne-prazdniny-na-hrade-saris/" />
<meta property="og:site_name" content="Hrad Šariš" />
<meta property="og:image" content="https://www.hradsaris.sk/wp-content/uploads/2024/10/Beige-Autumn-Watercolor-Your-Story.jpg" />
	<meta property="og:image:width" content="1080" />
	<meta property="og:image:height" content="1920" />
	<meta property="og:image:type" content="image/jpeg" />
<meta name="twitter:card" content="summary_large_image" />
<meta name="twitter:label1" content="Estimated reading time" />
	<meta name="twitter:data1" content="1 minute" />
<script type="application/ld+json" class="yoast-schema-graph">{"@context":"https://schema.org","@graph":[{"@type":"WebPage","@id":"https://www.hradsaris.sk/%tribe_events-slug%/jesenne-prazdniny-na-hrade-saris/","url":"https://www.hradsaris.sk/%tribe_events-slug%/jesenne-prazdniny-na-hrade-saris/","name":"Jesenné prázdniny na hrade Šariš - Hrad Šariš","isPartOf":{"@id":"https://www.hradsaris.sk/#website"},"primaryImageOfPage":{"@id":"https://www.hradsaris.sk/%tribe_events-slug%/jesenne-prazdniny-na-hrade-saris/#primaryimage"},"image":{"@id":"https://www.hradsaris.sk/%tribe_events-slug%/jesenne-prazdniny-na-hrade-saris/#primaryimage"},"thumbnailUrl":"https://www.hradsaris.sk/wp-content/uploads/2024/10/Beige-Autumn-Watercolor-Your-Story.jpg","datePublished":"2024-10-28T15:33:21+00:00","dateModified":"2024-10-28T15:33:21+00:00","breadcrumb":{"@id":"https://www.hradsaris.sk/%tribe_events-slug%/jesenne-prazdniny-na-hrade-saris/#breadcrumb"},"inLanguage":"en-GB","potentialAction":[{"@type":"ReadAction","target":["https://www.hradsaris.sk/%tribe_events-slug%/jesenne-prazdniny-na-hrade-saris/"]}]},{"@type":"ImageObject","inLanguage":"en-GB","@id":"https://www.hradsaris.sk/%tribe_events-slug%/jesenne-prazdniny-na-hrade-saris/#primaryimage","url":"https://www.hradsaris.sk/wp-content/uploads/2024/10/Beige-Autumn-Watercolor-Your-Story.jpg","contentUrl":"https://www.hradsaris.sk/wp-content/uploads/2024/10/Beige-Autumn-Watercolor-Your-Story.jpg","width":1080,"height":1920,"caption":"Jesenné prázdniny hrad Šariš"},{"@type":"BreadcrumbList","@id":"https://www.hradsaris.sk/%tribe_events-slug%/jesenne-prazdniny-na-hrade-saris/#breadcrumb","itemListElement":[{"@type":"ListItem","position":1,"name":"Home","item":"https://www.hradsaris.sk/"},{"@type":"ListItem","position":2,"name":"Udalosti","item":"https://www.hradsaris.sk/tribe_events/"},{"@type":"ListItem","position":3,"name":"Jesenné prázdniny na hrade Šariš"}]},{"@type":"WebSite","@id":"https://www.hradsaris.sk/#website","url":"https://www.hradsaris.sk/","name":"Hrad Šariš","description":"Historické srdce Šariša","potentialAction":[{"@type":"SearchAction","target":{"@type":"EntryPoint","urlTemplate":"https://www.hradsaris.sk/?s={search_term_string}"},"query-input":"required name=search_term_string"}],"inLanguage":"en-GB"}]}</script>
<!-- / Yoast SEO plugin. -->

Pozývame Vás stráviť deň prechádzkou do prírody a na hrad Šariš, kde Vás čakajú aktivity a služby sprievodcov. &nbsp; Zažite farebnú jeseň na hrade Šariš.

Hrad Šariš

Jesenné prázdniny na hrade Šariš - Hrad Šariš

Jesenné prázdniny hrad Šariš

Historické srdce Šariša
