{"id":33125,"date":"2024-01-09T19:29:27","date_gmt":"2024-01-09T19:29:27","guid":{"rendered":"https:\/\/www.hradsaris.sk\/tribe_events\/\/"},"modified":"2024-01-09T19:30:53","modified_gmt":"2024-01-09T19:30:53","slug":"nocny-pochod-na-hrad-saris","status":"publish","type":"tribe_events","link":"https:\/\/www.hradsaris.sk\/%tribe_events-slug%\/nocny-pochod-na-hrad-saris\/","title":{"rendered":"No\u010dn\u00fd pochod na hrad \u0160ari\u0161"},"content":{"rendered":"<div class=\"\" dir=\"auto\">\n<div id=\":ri4:\" class=\"x1iorvi4 x1pi30zi x1l90r2v x1swvt13\" data-ad-comet-preview=\"message\" data-ad-preview=\"message\">\n<div class=\"x78zum5 xdt5ytf xz62fqu x16ldp7u\">\n<div class=\"xu06os2 x1ok221b\">\n<div class=\"xdj266r x11i5rnm xat24cr x1mh8g0r x1vvkbs x126k92a\">\n<div dir=\"auto\">Srde\u010dne V\u00e1s poz\u00fdvame na zimn\u00fd no\u010dn\u00fd pochod na hrad \u0160ari\u0161 v sobotu 13. 1. 2024. Podujatie u\u017e tradi\u010dne venujeme pamiatke Imricha Jacko-Lys\u00e1ka, gener\u00e1la in memoriam, ktor\u00fd padol po\u010das II. svetovej vojny 30. 12. 1943 na Ukrajine v boji po \u00famornom zimnom no\u010dnom pochode vojska v 40-stup\u0148ovom mraze. \u010cas \u0161tartu \u2013 parkovisko pod hradom \u0160ari\u0161 o 22,30 a potom spolo\u010dn\u00fd v\u00fdstup na n\u00e1dvorie hradu. Po\u010das konania podujatia bude spr\u00edstupnen\u00e1 vyhliadkov\u00e1 ve\u017ea.<\/div>\n<div dir=\"auto\">Nezabudnite na svoju bezpe\u010dnos\u0165 a obozretnos\u0165 a pre to, samozrejmos\u0165ou je obuv a oble\u010denie s dobr\u00fdm zabezpe\u010den\u00edm proti prechladnutiu a po\u0161myknutiu, svetlo, nabit\u00fd mobil, jedlo a n\u00e1poje pod\u013ea vlastnej chuti a kapacity. Na Hrade \u0160ari\u0161 po\u010das podujatia bude spr\u00edstupnen\u00fd aj hradn\u00fd bufet.<\/div>\n<div dir=\"auto\">Kontakty pre ot\u00e1zky k pochodu na: hrad \u0160ari\u0161: F.Bedn\u00e1r, 0907 105 086, a M.Lys\u00e1k, 0907 158 044.<\/div>\n<div dir=\"auto\">Podujatie OZ Pamiatka vojnov\u00fdch bojovn\u00edkov a mesto Ve\u013ek\u00fd \u0160ari\u0161.<\/div>\n<\/div>\n<\/div>\n<\/div>\n<\/div>\n<\/div>\n","protected":false},"excerpt":{"rendered":"<p>Srde\u010dne V\u00e1s poz\u00fdvame na zimn\u00fd no\u010dn\u00fd pochod na hrad \u0160ari\u0161 v sobotu 13. 1. 2024. Podujatie u\u017e tradi\u010dne venujeme pamiatke Imricha Jacko-Lys\u00e1ka, gener\u00e1la in memoriam, ktor\u00fd padol po\u010das II. svetovej<\/p>\n","protected":false},"author":7,"featured_media":33126,"comment_status":"open","ping_status":"closed","template":"","meta":{"inline_featured_image":false,"_monsterinsights_skip_tracking":false,"_monsterinsights_sitenote_active":false,"_monsterinsights_sitenote_note":"","_monsterinsights_sitenote_category":0,"_tribe_events_status":"","_tribe_events_status_reason":""},"tags":[],"tribe_events_cat":[12],"yoast_head":"<!-- This site is optimized with the Yoast SEO plugin v22.6 - https:\/\/yoast.com\/wordpress\/plugins\/seo\/ -->\n<title>No\u010dn\u00fd pochod na hrad \u0160ari\u0161<\/title>\n<meta name=\"description\" content=\"Srde\u010dne V\u00e1s poz\u00fdvame na zimn\u00fd no\u010dn\u00fd pochod na hrad \u0160ari\u0161 v sobotu 13. 1. 2024. Podujatie u\u017e tradi\u010dne venujeme pamiatke Imricha Jacko-Lys\u00e1ka, gener\u00e1la in memoriam, ktor\u00fd padol po\u010das II. svetovej vojny 30. 12. 1943 na Ukrajine v boji po \u00famornom zimnom no\u010dnom pochode vojska v 40-stup\u0148ovom mraze. \u010cas \u0161tartu \u2013 parkovisko pod hradom \u0160ari\u0161 o&hellip;\" \/>\n<meta name=\"robots\" content=\"index, follow, max-snippet:-1, max-image-preview:large, max-video-preview:-1\" \/>\n<link rel=\"canonical\" href=\"https:\/\/www.hradsaris.sk\/%tribe_events-slug%\/nocny-pochod-na-hrad-saris\/\" \/>\n<meta property=\"og:locale\" content=\"en_GB\" \/>\n<meta property=\"og:type\" content=\"article\" \/>\n<meta property=\"og:title\" content=\"No\u010dn\u00fd pochod na hrad \u0160ari\u0161\" \/>\n<meta property=\"og:description\" content=\"Srde\u010dne V\u00e1s poz\u00fdvame na zimn\u00fd no\u010dn\u00fd pochod na hrad \u0160ari\u0161 v sobotu 13. 1. 2024. Podujatie u\u017e tradi\u010dne venujeme pamiatke Imricha Jacko-Lys\u00e1ka, gener\u00e1la in memoriam, ktor\u00fd padol po\u010das II. svetovej vojny 30. 12. 1943 na Ukrajine v boji po \u00famornom zimnom no\u010dnom pochode vojska v 40-stup\u0148ovom mraze. \u010cas \u0161tartu \u2013 parkovisko pod hradom \u0160ari\u0161 o&hellip;\" \/>\n<meta property=\"og:url\" content=\"https:\/\/www.hradsaris.sk\/%tribe_events-slug%\/nocny-pochod-na-hrad-saris\/\" \/>\n<meta property=\"og:site_name\" content=\"Hrad \u0160ari\u0161\" \/>\n<meta property=\"article:modified_time\" content=\"2024-01-09T19:30:53+00:00\" \/>\n<meta property=\"og:image\" content=\"https:\/\/www.hradsaris.sk\/wp-content\/uploads\/2024\/01\/417219961_402987932291310_1813590836983201072_n.jpg\" \/>\n\t<meta property=\"og:image:width\" content=\"1449\" \/>\n\t<meta property=\"og:image:height\" content=\"2048\" \/>\n\t<meta property=\"og:image:type\" content=\"image\/jpeg\" \/>\n<meta name=\"twitter:card\" content=\"summary_large_image\" \/>\n<meta name=\"twitter:label1\" content=\"Estimated reading time\" \/>\n\t<meta name=\"twitter:data1\" content=\"1 minute\" \/>\n<script type=\"application\/ld+json\" class=\"yoast-schema-graph\">{\"@context\":\"https:\/\/schema.org\",\"@graph\":[{\"@type\":\"WebPage\",\"@id\":\"https:\/\/www.hradsaris.sk\/%tribe_events-slug%\/nocny-pochod-na-hrad-saris\/\",\"url\":\"https:\/\/www.hradsaris.sk\/%tribe_events-slug%\/nocny-pochod-na-hrad-saris\/\",\"name\":\"No\u010dn\u00fd pochod na hrad \u0160ari\u0161 - Hrad \u0160ari\u0161\",\"isPartOf\":{\"@id\":\"https:\/\/www.hradsaris.sk\/#website\"},\"primaryImageOfPage\":{\"@id\":\"https:\/\/www.hradsaris.sk\/%tribe_events-slug%\/nocny-pochod-na-hrad-saris\/#primaryimage\"},\"image\":{\"@id\":\"https:\/\/www.hradsaris.sk\/%tribe_events-slug%\/nocny-pochod-na-hrad-saris\/#primaryimage\"},\"thumbnailUrl\":\"https:\/\/www.hradsaris.sk\/wp-content\/uploads\/2024\/01\/417219961_402987932291310_1813590836983201072_n.jpg\",\"datePublished\":\"2024-01-09T19:29:27+00:00\",\"dateModified\":\"2024-01-09T19:30:53+00:00\",\"breadcrumb\":{\"@id\":\"https:\/\/www.hradsaris.sk\/%tribe_events-slug%\/nocny-pochod-na-hrad-saris\/#breadcrumb\"},\"inLanguage\":\"en-GB\",\"potentialAction\":[{\"@type\":\"ReadAction\",\"target\":[\"https:\/\/www.hradsaris.sk\/%tribe_events-slug%\/nocny-pochod-na-hrad-saris\/\"]}]},{\"@type\":\"ImageObject\",\"inLanguage\":\"en-GB\",\"@id\":\"https:\/\/www.hradsaris.sk\/%tribe_events-slug%\/nocny-pochod-na-hrad-saris\/#primaryimage\",\"url\":\"https:\/\/www.hradsaris.sk\/wp-content\/uploads\/2024\/01\/417219961_402987932291310_1813590836983201072_n.jpg\",\"contentUrl\":\"https:\/\/www.hradsaris.sk\/wp-content\/uploads\/2024\/01\/417219961_402987932291310_1813590836983201072_n.jpg\",\"width\":1449,\"height\":2048},{\"@type\":\"BreadcrumbList\",\"@id\":\"https:\/\/www.hradsaris.sk\/%tribe_events-slug%\/nocny-pochod-na-hrad-saris\/#breadcrumb\",\"itemListElement\":[{\"@type\":\"ListItem\",\"position\":1,\"name\":\"Home\",\"item\":\"https:\/\/www.hradsaris.sk\/\"},{\"@type\":\"ListItem\",\"position\":2,\"name\":\"Udalosti\",\"item\":\"https:\/\/www.hradsaris.sk\/tribe_events\/\"},{\"@type\":\"ListItem\",\"position\":3,\"name\":\"No\u010dn\u00fd pochod na hrad \u0160ari\u0161\"}]},{\"@type\":\"WebSite\",\"@id\":\"https:\/\/www.hradsaris.sk\/#website\",\"url\":\"https:\/\/www.hradsaris.sk\/\",\"name\":\"Hrad \u0160ari\u0161\",\"description\":\"Historick\u00e9 srdce \u0160ari\u0161a\",\"potentialAction\":[{\"@type\":\"SearchAction\",\"target\":{\"@type\":\"EntryPoint\",\"urlTemplate\":\"https:\/\/www.hradsaris.sk\/?s={search_term_string}\"},\"query-input\":\"required name=search_term_string\"}],\"inLanguage\":\"en-GB\"}]}<\/script>\n<!-- \/ Yoast SEO plugin. -->","yoast_head_json":{"title":"No\u010dn\u00fd pochod na hrad \u0160ari\u0161","description":"Srde\u010dne V\u00e1s poz\u00fdvame na zimn\u00fd no\u010dn\u00fd pochod na hrad \u0160ari\u0161 v sobotu 13. 1. 2024. Podujatie u\u017e tradi\u010dne venujeme pamiatke Imricha Jacko-Lys\u00e1ka, gener\u00e1la in memoriam, ktor\u00fd padol po\u010das II. svetovej vojny 30. 12. 1943 na Ukrajine v boji po \u00famornom zimnom no\u010dnom pochode vojska v 40-stup\u0148ovom mraze. \u010cas \u0161tartu \u2013 parkovisko pod hradom \u0160ari\u0161 o&hellip;","robots":{"index":"index","follow":"follow","max-snippet":"max-snippet:-1","max-image-preview":"max-image-preview:large","max-video-preview":"max-video-preview:-1"},"canonical":"https:\/\/www.hradsaris.sk\/%tribe_events-slug%\/nocny-pochod-na-hrad-saris\/","og_locale":"en_GB","og_type":"article","og_title":"No\u010dn\u00fd pochod na hrad \u0160ari\u0161","og_description":"Srde\u010dne V\u00e1s poz\u00fdvame na zimn\u00fd no\u010dn\u00fd pochod na hrad \u0160ari\u0161 v sobotu 13. 1. 2024. Podujatie u\u017e tradi\u010dne venujeme pamiatke Imricha Jacko-Lys\u00e1ka, gener\u00e1la in memoriam, ktor\u00fd padol po\u010das II. svetovej vojny 30. 12. 1943 na Ukrajine v boji po \u00famornom zimnom no\u010dnom pochode vojska v 40-stup\u0148ovom mraze. \u010cas \u0161tartu \u2013 parkovisko pod hradom \u0160ari\u0161 o&hellip;","og_url":"https:\/\/www.hradsaris.sk\/%tribe_events-slug%\/nocny-pochod-na-hrad-saris\/","og_site_name":"Hrad \u0160ari\u0161","article_modified_time":"2024-01-09T19:30:53+00:00","og_image":[{"width":1449,"height":2048,"url":"https:\/\/www.hradsaris.sk\/wp-content\/uploads\/2024\/01\/417219961_402987932291310_1813590836983201072_n.jpg","type":"image\/jpeg"}],"twitter_card":"summary_large_image","twitter_misc":{"Estimated reading time":"1 minute"},"schema":{"@context":"https:\/\/schema.org","@graph":[{"@type":"WebPage","@id":"https:\/\/www.hradsaris.sk\/%tribe_events-slug%\/nocny-pochod-na-hrad-saris\/","url":"https:\/\/www.hradsaris.sk\/%tribe_events-slug%\/nocny-pochod-na-hrad-saris\/","name":"No\u010dn\u00fd pochod na hrad \u0160ari\u0161 - Hrad \u0160ari\u0161","isPartOf":{"@id":"https:\/\/www.hradsaris.sk\/#website"},"primaryImageOfPage":{"@id":"https:\/\/www.hradsaris.sk\/%tribe_events-slug%\/nocny-pochod-na-hrad-saris\/#primaryimage"},"image":{"@id":"https:\/\/www.hradsaris.sk\/%tribe_events-slug%\/nocny-pochod-na-hrad-saris\/#primaryimage"},"thumbnailUrl":"https:\/\/www.hradsaris.sk\/wp-content\/uploads\/2024\/01\/417219961_402987932291310_1813590836983201072_n.jpg","datePublished":"2024-01-09T19:29:27+00:00","dateModified":"2024-01-09T19:30:53+00:00","breadcrumb":{"@id":"https:\/\/www.hradsaris.sk\/%tribe_events-slug%\/nocny-pochod-na-hrad-saris\/#breadcrumb"},"inLanguage":"en-GB","potentialAction":[{"@type":"ReadAction","target":["https:\/\/www.hradsaris.sk\/%tribe_events-slug%\/nocny-pochod-na-hrad-saris\/"]}]},{"@type":"ImageObject","inLanguage":"en-GB","@id":"https:\/\/www.hradsaris.sk\/%tribe_events-slug%\/nocny-pochod-na-hrad-saris\/#primaryimage","url":"https:\/\/www.hradsaris.sk\/wp-content\/uploads\/2024\/01\/417219961_402987932291310_1813590836983201072_n.jpg","contentUrl":"https:\/\/www.hradsaris.sk\/wp-content\/uploads\/2024\/01\/417219961_402987932291310_1813590836983201072_n.jpg","width":1449,"height":2048},{"@type":"BreadcrumbList","@id":"https:\/\/www.hradsaris.sk\/%tribe_events-slug%\/nocny-pochod-na-hrad-saris\/#breadcrumb","itemListElement":[{"@type":"ListItem","position":1,"name":"Home","item":"https:\/\/www.hradsaris.sk\/"},{"@type":"ListItem","position":2,"name":"Udalosti","item":"https:\/\/www.hradsaris.sk\/tribe_events\/"},{"@type":"ListItem","position":3,"name":"No\u010dn\u00fd pochod na hrad \u0160ari\u0161"}]},{"@type":"WebSite","@id":"https:\/\/www.hradsaris.sk\/#website","url":"https:\/\/www.hradsaris.sk\/","name":"Hrad \u0160ari\u0161","description":"Historick\u00e9 srdce \u0160ari\u0161a","potentialAction":[{"@type":"SearchAction","target":{"@type":"EntryPoint","urlTemplate":"https:\/\/www.hradsaris.sk\/?s={search_term_string}"},"query-input":"required name=search_term_string"}],"inLanguage":"en-GB"}]}},"_links":{"self":[{"href":"https:\/\/www.hradsaris.sk\/wp-json\/wp\/v2\/tribe_events\/33125"}],"collection":[{"href":"https:\/\/www.hradsaris.sk\/wp-json\/wp\/v2\/tribe_events"}],"about":[{"href":"https:\/\/www.hradsaris.sk\/wp-json\/wp\/v2\/types\/tribe_events"}],"author":[{"embeddable":true,"href":"https:\/\/www.hradsaris.sk\/wp-json\/wp\/v2\/users\/7"}],"replies":[{"embeddable":true,"href":"https:\/\/www.hradsaris.sk\/wp-json\/wp\/v2\/comments?post=33125"}],"version-history":[{"count":1,"href":"https:\/\/www.hradsaris.sk\/wp-json\/wp\/v2\/tribe_events\/33125\/revisions"}],"predecessor-version":[{"id":33127,"href":"https:\/\/www.hradsaris.sk\/wp-json\/wp\/v2\/tribe_events\/33125\/revisions\/33127"}],"wp:featuredmedia":[{"embeddable":true,"href":"https:\/\/www.hradsaris.sk\/wp-json\/wp\/v2\/media\/33126"}],"wp:attachment":[{"href":"https:\/\/www.hradsaris.sk\/wp-json\/wp\/v2\/media?parent=33125"}],"wp:term":[{"taxonomy":"post_tag","embeddable":true,"href":"https:\/\/www.hradsaris.sk\/wp-json\/wp\/v2\/tags?post=33125"},{"taxonomy":"tribe_events_cat","embeddable":true,"href":"https:\/\/www.hradsaris.sk\/wp-json\/wp\/v2\/tribe_events_cat?post=33125"}],"curies":[{"name":"wp","href":"https:\/\/api.w.org\/{rel}","templated":true}]}}

Nočný pochod na hrad Šariš

<div class="" dir="auto">
<div id=":ri4:" class="x1iorvi4 x1pi30zi x1l90r2v x1swvt13" data-ad-comet-preview="message" data-ad-preview="message">
<div class="x78zum5 xdt5ytf xz62fqu x16ldp7u">
<div class="xu06os2 x1ok221b">
<div class="xdj266r x11i5rnm xat24cr x1mh8g0r x1vvkbs x126k92a">
<div dir="auto">Srdečne Vás pozývame na zimný nočný pochod na hrad Šariš v sobotu 13. 1. 2024. Podujatie už tradične venujeme pamiatke Imricha Jacko-Lysáka, generála in memoriam, ktorý padol počas II. svetovej vojny 30. 12. 1943 na Ukrajine v boji po úmornom zimnom nočnom pochode vojska v 40-stupňovom mraze. Čas štartu – parkovisko pod hradom Šariš o 22,30 a potom spoločný výstup na nádvorie hradu. Počas konania podujatia bude sprístupnená vyhliadková veža.</div>
<div dir="auto">Nezabudnite na svoju bezpečnosť a obozretnosť a pre to, samozrejmosťou je obuv a oblečenie s dobrým zabezpečením proti prechladnutiu a pošmyknutiu, svetlo, nabitý mobil, jedlo a nápoje podľa vlastnej chuti a kapacity. Na Hrade Šariš počas podujatia bude sprístupnený aj hradný bufet.</div>
<div dir="auto">Kontakty pre otázky k pochodu na: hrad Šariš: F.Bednár, 0907 105 086, a M.Lysák, 0907 158 044.</div>
<div dir="auto">Podujatie OZ Pamiatka vojnových bojovníkov a mesto Veľký Šariš.</div>
</div>
</div>
</div>
</div>
</div>

<p>Srdečne Vás pozývame na zimný nočný pochod na hrad Šariš v sobotu 13. 1. 2024. Podujatie už tradične venujeme pamiatke Imricha Jacko-Lysáka, generála in memoriam, ktorý padol počas II. svetovej</p>

<!-- This site is optimized with the Yoast SEO plugin v22.6 - https://yoast.com/wordpress/plugins/seo/ -->
<title>Nočný pochod na hrad Šariš</title>
<meta name="description" content="Srdečne Vás pozývame na zimný nočný pochod na hrad Šariš v sobotu 13. 1. 2024. Podujatie už tradične venujeme pamiatke Imricha Jacko-Lysáka, generála in memoriam, ktorý padol počas II. svetovej vojny 30. 12. 1943 na Ukrajine v boji po úmornom zimnom nočnom pochode vojska v 40-stupňovom mraze. Čas štartu – parkovisko pod hradom Šariš o&hellip;" />
<meta name="robots" content="index, follow, max-snippet:-1, max-image-preview:large, max-video-preview:-1" />
<link rel="canonical" href="https://www.hradsaris.sk/%tribe_events-slug%/nocny-pochod-na-hrad-saris/" />
<meta property="og:locale" content="en_GB" />
<meta property="og:type" content="article" />
<meta property="og:title" content="Nočný pochod na hrad Šariš" />
<meta property="og:description" content="Srdečne Vás pozývame na zimný nočný pochod na hrad Šariš v sobotu 13. 1. 2024. Podujatie už tradične venujeme pamiatke Imricha Jacko-Lysáka, generála in memoriam, ktorý padol počas II. svetovej vojny 30. 12. 1943 na Ukrajine v boji po úmornom zimnom nočnom pochode vojska v 40-stupňovom mraze. Čas štartu – parkovisko pod hradom Šariš o&hellip;" />
<meta property="og:url" content="https://www.hradsaris.sk/%tribe_events-slug%/nocny-pochod-na-hrad-saris/" />
<meta property="og:site_name" content="Hrad Šariš" />
<meta property="article:modified_time" content="2024-01-09T19:30:53+00:00" />
<meta property="og:image" content="https://www.hradsaris.sk/wp-content/uploads/2024/01/417219961_402987932291310_1813590836983201072_n.jpg" />
	<meta property="og:image:width" content="1449" />
	<meta property="og:image:height" content="2048" />
	<meta property="og:image:type" content="image/jpeg" />
<meta name="twitter:card" content="summary_large_image" />
<meta name="twitter:label1" content="Estimated reading time" />
	<meta name="twitter:data1" content="1 minute" />
<script type="application/ld+json" class="yoast-schema-graph">{"@context":"https://schema.org","@graph":[{"@type":"WebPage","@id":"https://www.hradsaris.sk/%tribe_events-slug%/nocny-pochod-na-hrad-saris/","url":"https://www.hradsaris.sk/%tribe_events-slug%/nocny-pochod-na-hrad-saris/","name":"Nočný pochod na hrad Šariš - Hrad Šariš","isPartOf":{"@id":"https://www.hradsaris.sk/#website"},"primaryImageOfPage":{"@id":"https://www.hradsaris.sk/%tribe_events-slug%/nocny-pochod-na-hrad-saris/#primaryimage"},"image":{"@id":"https://www.hradsaris.sk/%tribe_events-slug%/nocny-pochod-na-hrad-saris/#primaryimage"},"thumbnailUrl":"https://www.hradsaris.sk/wp-content/uploads/2024/01/417219961_402987932291310_1813590836983201072_n.jpg","datePublished":"2024-01-09T19:29:27+00:00","dateModified":"2024-01-09T19:30:53+00:00","breadcrumb":{"@id":"https://www.hradsaris.sk/%tribe_events-slug%/nocny-pochod-na-hrad-saris/#breadcrumb"},"inLanguage":"en-GB","potentialAction":[{"@type":"ReadAction","target":["https://www.hradsaris.sk/%tribe_events-slug%/nocny-pochod-na-hrad-saris/"]}]},{"@type":"ImageObject","inLanguage":"en-GB","@id":"https://www.hradsaris.sk/%tribe_events-slug%/nocny-pochod-na-hrad-saris/#primaryimage","url":"https://www.hradsaris.sk/wp-content/uploads/2024/01/417219961_402987932291310_1813590836983201072_n.jpg","contentUrl":"https://www.hradsaris.sk/wp-content/uploads/2024/01/417219961_402987932291310_1813590836983201072_n.jpg","width":1449,"height":2048},{"@type":"BreadcrumbList","@id":"https://www.hradsaris.sk/%tribe_events-slug%/nocny-pochod-na-hrad-saris/#breadcrumb","itemListElement":[{"@type":"ListItem","position":1,"name":"Home","item":"https://www.hradsaris.sk/"},{"@type":"ListItem","position":2,"name":"Udalosti","item":"https://www.hradsaris.sk/tribe_events/"},{"@type":"ListItem","position":3,"name":"Nočný pochod na hrad Šariš"}]},{"@type":"WebSite","@id":"https://www.hradsaris.sk/#website","url":"https://www.hradsaris.sk/","name":"Hrad Šariš","description":"Historické srdce Šariša","potentialAction":[{"@type":"SearchAction","target":{"@type":"EntryPoint","urlTemplate":"https://www.hradsaris.sk/?s={search_term_string}"},"query-input":"required name=search_term_string"}],"inLanguage":"en-GB"}]}</script>
<!-- / Yoast SEO plugin. -->

Srdečne Vás pozývame na zimný nočný pochod na hrad Šariš v sobotu 13. 1. 2024. Podujatie už tradične venujeme pamiatke Imricha Jacko-Lysáka, generála in memoriam, ktorý padol počas II. svetovej vojny 30. 12. 1943 na Ukrajine v boji po úmornom zimnom nočnom pochode vojska v 40-stupňovom mraze. Čas štartu – parkovisko pod hradom Šariš o&hellip;

Hrad Šariš

Nočný pochod na hrad Šariš - Hrad Šariš

Historické srdce Šariša
