{"id":32997,"date":"2023-09-16T09:41:20","date_gmt":"2023-09-16T09:41:20","guid":{"rendered":"https:\/\/www.hradsaris.sk\/tribe_events\/\/"},"modified":"2023-09-16T09:54:06","modified_gmt":"2023-09-16T09:54:06","slug":"ukoncenie-leta-na-hrade-saris-a-piknik-so-sturovcami-sobotnajsi-program","status":"publish","type":"tribe_events","link":"https:\/\/www.hradsaris.sk\/%tribe_events-slug%\/ukoncenie-leta-na-hrade-saris-a-piknik-so-sturovcami-sobotnajsi-program\/","title":{"rendered":"Ukon\u010denie leta na hrade \u0160ari\u0161 a piknik so \u0160t\u00farovcami - sobot\u0148aj\u0161\u00ed program"},"content":{"rendered":"<p>Poz\u00fdvame V\u00e1s s nami ukon\u010di\u0165 leto na hrade \u0160ari\u0161. Pripravili sme pre V\u00e1s bohat\u00fd program na ka\u017ed\u00fd de\u0148. Dnes v sobotu pokra\u010dujeme ve\u010dern\u00fdm programom, ktor\u00fd za\u010d\u00edna h\u013eadan\u00edm pokladov o 18,00 hod., pokra\u010dujeme no\u010dn\u00fdm pozorovan\u00edm oblohy, fak\u013eov\u00fdm sprievodom. Hlavn\u00fdm programom sobot\u0148aj\u0161ieho ve\u010dera je sp\u00e1janie hradov sveteln\u00fdm sign\u00e1lom, tak ako sa hrady v stredoveku sp\u00e1jali. Nede\u013en\u00fd program je o pikniku a za\u010d\u00edna o 13,00 hod. Tu sme pre n\u00e1v\u0161tevn\u00edkov pripravili bohat\u00fd piknikov\u00fd program ako divadlo, sl\u00e1\u010dikov\u00e1 a dychov\u00e1 hudba, workshop kaligrafie, pe\u010denie pern\u00edkov a chleba. Cel\u00fdm podujat\u00edm v duchu \u0160t\u00farovsk\u00fdch piknikov V\u00e1s bude sprev\u00e1dza\u0165 Pi\u0161inger o piatej z Bardejovsk\u00fdch k\u00fape\u013eov. S\u00fa\u010das\u0165ou nede\u013en\u00e9ho programu je aj vyhodnotenie letnej kampane Legend\u00e1rium.<\/p>\n<p><strong>Po\u010das cel\u00e9ho podujatia sa na hrade bude plati\u0165 iba lok\u00e1lnou menou- gro\u0161om!<\/strong><\/p>\n<p>Te\u0161\u00edme sa na V\u00e1s!<\/p>\n","protected":false},"excerpt":{"rendered":"<p>Poz\u00fdvame V\u00e1s s nami ukon\u010di\u0165 leto na hrade \u0160ari\u0161. Pripravili sme pre V\u00e1s bohat\u00fd program na ka\u017ed\u00fd de\u0148. Dnes v sobotu pokra\u010dujeme ve\u010dern\u00fdm programom, ktor\u00fd za\u010d\u00edna h\u013eadan\u00edm pokladov o 18,00<\/p>\n","protected":false},"author":7,"featured_media":0,"comment_status":"open","ping_status":"closed","template":"","meta":{"inline_featured_image":false,"_monsterinsights_skip_tracking":false,"_monsterinsights_sitenote_active":false,"_monsterinsights_sitenote_note":"","_monsterinsights_sitenote_category":0,"_tribe_events_status":"","_tribe_events_status_reason":""},"tags":[],"tribe_events_cat":[12],"yoast_head":"<!-- This site is optimized with the Yoast SEO plugin v22.6 - https:\/\/yoast.com\/wordpress\/plugins\/seo\/ -->\n<title>Ukon\u010denie leta na hrade \u0160ari\u0161 a piknik so \u0160t\u00farovcami - sobot\u0148aj\u0161\u00ed program<\/title>\n<meta name=\"description\" content=\"Poz\u00fdvame V\u00e1s s nami ukon\u010di\u0165 leto na hrade \u0160ari\u0161. Pripravili sme pre V\u00e1s bohat\u00fd program na ka\u017ed\u00fd de\u0148. Dnes v sobotu pokra\u010dujeme ve\u010dern\u00fdm programom, ktor\u00fd za\u010d\u00edna h\u013eadan\u00edm pokladov o 18,00 hod., pokra\u010dujeme no\u010dn\u00fdm pozorovan\u00edm oblohy, fak\u013eov\u00fdm sprievodom. Hlavn\u00fdm programom sobot\u0148aj\u0161ieho ve\u010dera je sp\u00e1janie hradov sveteln\u00fdm sign\u00e1lom, tak ako sa hrady v stredoveku sp\u00e1jali. Nede\u013en\u00fd program&hellip;\" \/>\n<meta name=\"robots\" content=\"index, follow, max-snippet:-1, max-image-preview:large, max-video-preview:-1\" \/>\n<link rel=\"canonical\" href=\"https:\/\/www.hradsaris.sk\/%tribe_events-slug%\/ukoncenie-leta-na-hrade-saris-a-piknik-so-sturovcami-sobotnajsi-program\/\" \/>\n<meta property=\"og:locale\" content=\"en_GB\" \/>\n<meta property=\"og:type\" content=\"article\" \/>\n<meta property=\"og:title\" content=\"Ukon\u010denie leta na hrade \u0160ari\u0161 a piknik so \u0160t\u00farovcami - sobot\u0148aj\u0161\u00ed program\" \/>\n<meta property=\"og:description\" content=\"Poz\u00fdvame V\u00e1s s nami ukon\u010di\u0165 leto na hrade \u0160ari\u0161. Pripravili sme pre V\u00e1s bohat\u00fd program na ka\u017ed\u00fd de\u0148. Dnes v sobotu pokra\u010dujeme ve\u010dern\u00fdm programom, ktor\u00fd za\u010d\u00edna h\u013eadan\u00edm pokladov o 18,00 hod., pokra\u010dujeme no\u010dn\u00fdm pozorovan\u00edm oblohy, fak\u013eov\u00fdm sprievodom. Hlavn\u00fdm programom sobot\u0148aj\u0161ieho ve\u010dera je sp\u00e1janie hradov sveteln\u00fdm sign\u00e1lom, tak ako sa hrady v stredoveku sp\u00e1jali. Nede\u013en\u00fd program&hellip;\" \/>\n<meta property=\"og:url\" content=\"https:\/\/www.hradsaris.sk\/%tribe_events-slug%\/ukoncenie-leta-na-hrade-saris-a-piknik-so-sturovcami-sobotnajsi-program\/\" \/>\n<meta property=\"og:site_name\" content=\"Hrad \u0160ari\u0161\" \/>\n<meta property=\"article:modified_time\" content=\"2023-09-16T09:54:06+00:00\" \/>\n<meta property=\"og:image\" content=\"https:\/\/www.hradsaris.sk\/wp-content\/uploads\/2023\/09\/Hrad_Saris_Ukoncenie_leta_oprava_A3-1-scaled-e1694505752869.jpg\" \/>\n\t<meta property=\"og:image:width\" content=\"1400\" \/>\n\t<meta property=\"og:image:height\" content=\"1980\" \/>\n\t<meta property=\"og:image:type\" content=\"image\/jpeg\" \/>\n<meta name=\"twitter:card\" content=\"summary_large_image\" \/>\n<meta name=\"twitter:label1\" content=\"Estimated reading time\" \/>\n\t<meta name=\"twitter:data1\" content=\"1 minute\" \/>\n<script type=\"application\/ld+json\" class=\"yoast-schema-graph\">{\"@context\":\"https:\/\/schema.org\",\"@graph\":[{\"@type\":\"WebPage\",\"@id\":\"https:\/\/www.hradsaris.sk\/%tribe_events-slug%\/ukoncenie-leta-na-hrade-saris-a-piknik-so-sturovcami-sobotnajsi-program\/\",\"url\":\"https:\/\/www.hradsaris.sk\/%tribe_events-slug%\/ukoncenie-leta-na-hrade-saris-a-piknik-so-sturovcami-sobotnajsi-program\/\",\"name\":\"Ukon\u010denie leta na hrade \u0160ari\u0161 a piknik so \u0160t\u00farovcami - sobot\u0148aj\u0161\u00ed program - Hrad \u0160ari\u0161\",\"isPartOf\":{\"@id\":\"https:\/\/www.hradsaris.sk\/#website\"},\"datePublished\":\"2023-09-16T09:41:20+00:00\",\"dateModified\":\"2023-09-16T09:54:06+00:00\",\"breadcrumb\":{\"@id\":\"https:\/\/www.hradsaris.sk\/%tribe_events-slug%\/ukoncenie-leta-na-hrade-saris-a-piknik-so-sturovcami-sobotnajsi-program\/#breadcrumb\"},\"inLanguage\":\"en-GB\",\"potentialAction\":[{\"@type\":\"ReadAction\",\"target\":[\"https:\/\/www.hradsaris.sk\/%tribe_events-slug%\/ukoncenie-leta-na-hrade-saris-a-piknik-so-sturovcami-sobotnajsi-program\/\"]}]},{\"@type\":\"BreadcrumbList\",\"@id\":\"https:\/\/www.hradsaris.sk\/%tribe_events-slug%\/ukoncenie-leta-na-hrade-saris-a-piknik-so-sturovcami-sobotnajsi-program\/#breadcrumb\",\"itemListElement\":[{\"@type\":\"ListItem\",\"position\":1,\"name\":\"Home\",\"item\":\"https:\/\/www.hradsaris.sk\/\"},{\"@type\":\"ListItem\",\"position\":2,\"name\":\"Udalosti\",\"item\":\"https:\/\/www.hradsaris.sk\/tribe_events\/\"},{\"@type\":\"ListItem\",\"position\":3,\"name\":\"Ukon\u010denie leta na hrade \u0160ari\u0161 a piknik so \u0160t\u00farovcami - sobot\u0148aj\u0161\u00ed program\"}]},{\"@type\":\"WebSite\",\"@id\":\"https:\/\/www.hradsaris.sk\/#website\",\"url\":\"https:\/\/www.hradsaris.sk\/\",\"name\":\"Hrad \u0160ari\u0161\",\"description\":\"Historick\u00e9 srdce \u0160ari\u0161a\",\"potentialAction\":[{\"@type\":\"SearchAction\",\"target\":{\"@type\":\"EntryPoint\",\"urlTemplate\":\"https:\/\/www.hradsaris.sk\/?s={search_term_string}\"},\"query-input\":\"required name=search_term_string\"}],\"inLanguage\":\"en-GB\"}]}<\/script>\n<!-- \/ Yoast SEO plugin. -->","yoast_head_json":{"title":"Ukon\u010denie leta na hrade \u0160ari\u0161 a piknik so \u0160t\u00farovcami - sobot\u0148aj\u0161\u00ed program","description":"Poz\u00fdvame V\u00e1s s nami ukon\u010di\u0165 leto na hrade \u0160ari\u0161. Pripravili sme pre V\u00e1s bohat\u00fd program na ka\u017ed\u00fd de\u0148. Dnes v sobotu pokra\u010dujeme ve\u010dern\u00fdm programom, ktor\u00fd za\u010d\u00edna h\u013eadan\u00edm pokladov o 18,00 hod., pokra\u010dujeme no\u010dn\u00fdm pozorovan\u00edm oblohy, fak\u013eov\u00fdm sprievodom. Hlavn\u00fdm programom sobot\u0148aj\u0161ieho ve\u010dera je sp\u00e1janie hradov sveteln\u00fdm sign\u00e1lom, tak ako sa hrady v stredoveku sp\u00e1jali. Nede\u013en\u00fd program&hellip;","robots":{"index":"index","follow":"follow","max-snippet":"max-snippet:-1","max-image-preview":"max-image-preview:large","max-video-preview":"max-video-preview:-1"},"canonical":"https:\/\/www.hradsaris.sk\/%tribe_events-slug%\/ukoncenie-leta-na-hrade-saris-a-piknik-so-sturovcami-sobotnajsi-program\/","og_locale":"en_GB","og_type":"article","og_title":"Ukon\u010denie leta na hrade \u0160ari\u0161 a piknik so \u0160t\u00farovcami - sobot\u0148aj\u0161\u00ed program","og_description":"Poz\u00fdvame V\u00e1s s nami ukon\u010di\u0165 leto na hrade \u0160ari\u0161. Pripravili sme pre V\u00e1s bohat\u00fd program na ka\u017ed\u00fd de\u0148. Dnes v sobotu pokra\u010dujeme ve\u010dern\u00fdm programom, ktor\u00fd za\u010d\u00edna h\u013eadan\u00edm pokladov o 18,00 hod., pokra\u010dujeme no\u010dn\u00fdm pozorovan\u00edm oblohy, fak\u013eov\u00fdm sprievodom. Hlavn\u00fdm programom sobot\u0148aj\u0161ieho ve\u010dera je sp\u00e1janie hradov sveteln\u00fdm sign\u00e1lom, tak ako sa hrady v stredoveku sp\u00e1jali. Nede\u013en\u00fd program&hellip;","og_url":"https:\/\/www.hradsaris.sk\/%tribe_events-slug%\/ukoncenie-leta-na-hrade-saris-a-piknik-so-sturovcami-sobotnajsi-program\/","og_site_name":"Hrad \u0160ari\u0161","article_modified_time":"2023-09-16T09:54:06+00:00","og_image":[{"width":1400,"height":1980,"url":"https:\/\/www.hradsaris.sk\/wp-content\/uploads\/2023\/09\/Hrad_Saris_Ukoncenie_leta_oprava_A3-1-scaled-e1694505752869.jpg","type":"image\/jpeg"}],"twitter_card":"summary_large_image","twitter_misc":{"Estimated reading time":"1 minute"},"schema":{"@context":"https:\/\/schema.org","@graph":[{"@type":"WebPage","@id":"https:\/\/www.hradsaris.sk\/%tribe_events-slug%\/ukoncenie-leta-na-hrade-saris-a-piknik-so-sturovcami-sobotnajsi-program\/","url":"https:\/\/www.hradsaris.sk\/%tribe_events-slug%\/ukoncenie-leta-na-hrade-saris-a-piknik-so-sturovcami-sobotnajsi-program\/","name":"Ukon\u010denie leta na hrade \u0160ari\u0161 a piknik so \u0160t\u00farovcami - sobot\u0148aj\u0161\u00ed program - Hrad \u0160ari\u0161","isPartOf":{"@id":"https:\/\/www.hradsaris.sk\/#website"},"datePublished":"2023-09-16T09:41:20+00:00","dateModified":"2023-09-16T09:54:06+00:00","breadcrumb":{"@id":"https:\/\/www.hradsaris.sk\/%tribe_events-slug%\/ukoncenie-leta-na-hrade-saris-a-piknik-so-sturovcami-sobotnajsi-program\/#breadcrumb"},"inLanguage":"en-GB","potentialAction":[{"@type":"ReadAction","target":["https:\/\/www.hradsaris.sk\/%tribe_events-slug%\/ukoncenie-leta-na-hrade-saris-a-piknik-so-sturovcami-sobotnajsi-program\/"]}]},{"@type":"BreadcrumbList","@id":"https:\/\/www.hradsaris.sk\/%tribe_events-slug%\/ukoncenie-leta-na-hrade-saris-a-piknik-so-sturovcami-sobotnajsi-program\/#breadcrumb","itemListElement":[{"@type":"ListItem","position":1,"name":"Home","item":"https:\/\/www.hradsaris.sk\/"},{"@type":"ListItem","position":2,"name":"Udalosti","item":"https:\/\/www.hradsaris.sk\/tribe_events\/"},{"@type":"ListItem","position":3,"name":"Ukon\u010denie leta na hrade \u0160ari\u0161 a piknik so \u0160t\u00farovcami - sobot\u0148aj\u0161\u00ed program"}]},{"@type":"WebSite","@id":"https:\/\/www.hradsaris.sk\/#website","url":"https:\/\/www.hradsaris.sk\/","name":"Hrad \u0160ari\u0161","description":"Historick\u00e9 srdce \u0160ari\u0161a","potentialAction":[{"@type":"SearchAction","target":{"@type":"EntryPoint","urlTemplate":"https:\/\/www.hradsaris.sk\/?s={search_term_string}"},"query-input":"required name=search_term_string"}],"inLanguage":"en-GB"}]}},"_links":{"self":[{"href":"https:\/\/www.hradsaris.sk\/wp-json\/wp\/v2\/tribe_events\/32997"}],"collection":[{"href":"https:\/\/www.hradsaris.sk\/wp-json\/wp\/v2\/tribe_events"}],"about":[{"href":"https:\/\/www.hradsaris.sk\/wp-json\/wp\/v2\/types\/tribe_events"}],"author":[{"embeddable":true,"href":"https:\/\/www.hradsaris.sk\/wp-json\/wp\/v2\/users\/7"}],"replies":[{"embeddable":true,"href":"https:\/\/www.hradsaris.sk\/wp-json\/wp\/v2\/comments?post=32997"}],"version-history":[{"count":1,"href":"https:\/\/www.hradsaris.sk\/wp-json\/wp\/v2\/tribe_events\/32997\/revisions"}],"predecessor-version":[{"id":32998,"href":"https:\/\/www.hradsaris.sk\/wp-json\/wp\/v2\/tribe_events\/32997\/revisions\/32998"}],"wp:attachment":[{"href":"https:\/\/www.hradsaris.sk\/wp-json\/wp\/v2\/media?parent=32997"}],"wp:term":[{"taxonomy":"post_tag","embeddable":true,"href":"https:\/\/www.hradsaris.sk\/wp-json\/wp\/v2\/tags?post=32997"},{"taxonomy":"tribe_events_cat","embeddable":true,"href":"https:\/\/www.hradsaris.sk\/wp-json\/wp\/v2\/tribe_events_cat?post=32997"}],"curies":[{"name":"wp","href":"https:\/\/api.w.org\/{rel}","templated":true}]}}

Ukončenie leta na hrade Šariš a piknik so Štúrovcami - sobotňajší program

<p>Pozývame Vás s nami ukončiť leto na hrade Šariš. Pripravili sme pre Vás bohatý program na každý deň. Dnes v sobotu pokračujeme večerným programom, ktorý začína hľadaním pokladov o 18,00 hod., pokračujeme nočným pozorovaním oblohy, fakľovým sprievodom. Hlavným programom sobotňajšieho večera je spájanie hradov svetelným signálom, tak ako sa hrady v stredoveku spájali. Nedeľný program je o pikniku a začína o 13,00 hod. Tu sme pre návštevníkov pripravili bohatý piknikový program ako divadlo, sláčiková a dychová hudba, workshop kaligrafie, pečenie perníkov a chleba. Celým podujatím v duchu Štúrovských piknikov Vás bude sprevádzať Pišinger o piatej z Bardejovských kúpeľov. Súčasťou nedeľného programu je aj vyhodnotenie letnej kampane Legendárium.</p>
<p><strong>Počas celého podujatia sa na hrade bude platiť iba lokálnou menou- grošom!</strong></p>
<p>Tešíme sa na Vás!</p>

<p>Pozývame Vás s nami ukončiť leto na hrade Šariš. Pripravili sme pre Vás bohatý program na každý deň. Dnes v sobotu pokračujeme večerným programom, ktorý začína hľadaním pokladov o 18,00</p>

<!-- This site is optimized with the Yoast SEO plugin v22.6 - https://yoast.com/wordpress/plugins/seo/ -->
<title>Ukončenie leta na hrade Šariš a piknik so Štúrovcami - sobotňajší program</title>
<meta name="description" content="Pozývame Vás s nami ukončiť leto na hrade Šariš. Pripravili sme pre Vás bohatý program na každý deň. Dnes v sobotu pokračujeme večerným programom, ktorý začína hľadaním pokladov o 18,00 hod., pokračujeme nočným pozorovaním oblohy, fakľovým sprievodom. Hlavným programom sobotňajšieho večera je spájanie hradov svetelným signálom, tak ako sa hrady v stredoveku spájali. Nedeľný program&hellip;" />
<meta name="robots" content="index, follow, max-snippet:-1, max-image-preview:large, max-video-preview:-1" />
<link rel="canonical" href="https://www.hradsaris.sk/%tribe_events-slug%/ukoncenie-leta-na-hrade-saris-a-piknik-so-sturovcami-sobotnajsi-program/" />
<meta property="og:locale" content="en_GB" />
<meta property="og:type" content="article" />
<meta property="og:title" content="Ukončenie leta na hrade Šariš a piknik so Štúrovcami - sobotňajší program" />
<meta property="og:description" content="Pozývame Vás s nami ukončiť leto na hrade Šariš. Pripravili sme pre Vás bohatý program na každý deň. Dnes v sobotu pokračujeme večerným programom, ktorý začína hľadaním pokladov o 18,00 hod., pokračujeme nočným pozorovaním oblohy, fakľovým sprievodom. Hlavným programom sobotňajšieho večera je spájanie hradov svetelným signálom, tak ako sa hrady v stredoveku spájali. Nedeľný program&hellip;" />
<meta property="og:url" content="https://www.hradsaris.sk/%tribe_events-slug%/ukoncenie-leta-na-hrade-saris-a-piknik-so-sturovcami-sobotnajsi-program/" />
<meta property="og:site_name" content="Hrad Šariš" />
<meta property="article:modified_time" content="2023-09-16T09:54:06+00:00" />
<meta property="og:image" content="https://www.hradsaris.sk/wp-content/uploads/2023/09/Hrad_Saris_Ukoncenie_leta_oprava_A3-1-scaled-e1694505752869.jpg" />
	<meta property="og:image:width" content="1400" />
	<meta property="og:image:height" content="1980" />
	<meta property="og:image:type" content="image/jpeg" />
<meta name="twitter:card" content="summary_large_image" />
<meta name="twitter:label1" content="Estimated reading time" />
	<meta name="twitter:data1" content="1 minute" />
<script type="application/ld+json" class="yoast-schema-graph">{"@context":"https://schema.org","@graph":[{"@type":"WebPage","@id":"https://www.hradsaris.sk/%tribe_events-slug%/ukoncenie-leta-na-hrade-saris-a-piknik-so-sturovcami-sobotnajsi-program/","url":"https://www.hradsaris.sk/%tribe_events-slug%/ukoncenie-leta-na-hrade-saris-a-piknik-so-sturovcami-sobotnajsi-program/","name":"Ukončenie leta na hrade Šariš a piknik so Štúrovcami - sobotňajší program - Hrad Šariš","isPartOf":{"@id":"https://www.hradsaris.sk/#website"},"datePublished":"2023-09-16T09:41:20+00:00","dateModified":"2023-09-16T09:54:06+00:00","breadcrumb":{"@id":"https://www.hradsaris.sk/%tribe_events-slug%/ukoncenie-leta-na-hrade-saris-a-piknik-so-sturovcami-sobotnajsi-program/#breadcrumb"},"inLanguage":"en-GB","potentialAction":[{"@type":"ReadAction","target":["https://www.hradsaris.sk/%tribe_events-slug%/ukoncenie-leta-na-hrade-saris-a-piknik-so-sturovcami-sobotnajsi-program/"]}]},{"@type":"BreadcrumbList","@id":"https://www.hradsaris.sk/%tribe_events-slug%/ukoncenie-leta-na-hrade-saris-a-piknik-so-sturovcami-sobotnajsi-program/#breadcrumb","itemListElement":[{"@type":"ListItem","position":1,"name":"Home","item":"https://www.hradsaris.sk/"},{"@type":"ListItem","position":2,"name":"Udalosti","item":"https://www.hradsaris.sk/tribe_events/"},{"@type":"ListItem","position":3,"name":"Ukončenie leta na hrade Šariš a piknik so Štúrovcami - sobotňajší program"}]},{"@type":"WebSite","@id":"https://www.hradsaris.sk/#website","url":"https://www.hradsaris.sk/","name":"Hrad Šariš","description":"Historické srdce Šariša","potentialAction":[{"@type":"SearchAction","target":{"@type":"EntryPoint","urlTemplate":"https://www.hradsaris.sk/?s={search_term_string}"},"query-input":"required name=search_term_string"}],"inLanguage":"en-GB"}]}</script>
<!-- / Yoast SEO plugin. -->

Pozývame Vás s nami ukončiť leto na hrade Šariš. Pripravili sme pre Vás bohatý program na každý deň. Dnes v sobotu pokračujeme večerným programom, ktorý začína hľadaním pokladov o 18,00 hod., pokračujeme nočným pozorovaním oblohy, fakľovým sprievodom. Hlavným programom sobotňajšieho večera je spájanie hradov svetelným signálom, tak ako sa hrady v stredoveku spájali. Nedeľný program&hellip;

Hrad Šariš

Ukončenie leta na hrade Šariš a piknik so Štúrovcami - sobotňajší program - Hrad Šariš

Historické srdce Šariša
