{"id":32909,"date":"2023-05-15T16:48:47","date_gmt":"2023-05-15T16:48:47","guid":{"rendered":"https:\/\/www.hradsaris.sk\/tribe_events\/\/"},"modified":"2023-05-16T20:34:59","modified_gmt":"2023-05-16T20:34:59","slug":"noc-muzei-a-galerii","status":"publish","type":"tribe_events","link":"https:\/\/www.hradsaris.sk\/%tribe_events-slug%\/noc-muzei-a-galerii\/","title":{"rendered":"Noc M\u00faze\u00ed a Gal\u00e9ri\u00ed"},"content":{"rendered":"<p>Noc M\u00faze\u00ed a Gal\u00e9ri\u00ed pokra\u010duje aj na hrade \u0160ari\u0161 !<\/p>\n<p>Pripravili sme pre V\u00e1s zauj\u00edmav\u00fd program, ako napr\u00edklad, h\u013eadanie pokladov pre mal\u00fdch ale aj ve\u013ek\u00fdch dobrodruhov, no\u010dn\u00fd fak\u013eov\u00fd sprievod, hudobn\u00fd koncert a in\u00e9 aktivity.<\/p>\n<p>Za\u010d\u00edname od 18:00 hod. na n\u00e1dvor\u00ed hradu.<\/p>\n<p>Te\u0161\u00edme sa na V\u00e1s !<\/p>\n","protected":false},"excerpt":{"rendered":"<p>Noc M\u00faze\u00ed a Gal\u00e9ri\u00ed pokra\u010duje aj na hrade \u0160ari\u0161 ! Pripravili sme pre V\u00e1s zauj\u00edmav\u00fd program, ako napr\u00edklad, h\u013eadanie pokladov pre mal\u00fdch ale aj ve\u013ek\u00fdch dobrodruhov, no\u010dn\u00fd fak\u013eov\u00fd sprievod, hudobn\u00fd<\/p>\n","protected":false},"author":7,"featured_media":0,"comment_status":"open","ping_status":"closed","template":"","meta":{"inline_featured_image":false,"_monsterinsights_skip_tracking":false,"_monsterinsights_sitenote_active":false,"_monsterinsights_sitenote_note":"","_monsterinsights_sitenote_category":0,"_tribe_events_status":"","_tribe_events_status_reason":""},"tags":[],"tribe_events_cat":[12],"yoast_head":"<!-- This site is optimized with the Yoast SEO plugin v22.6 - https:\/\/yoast.com\/wordpress\/plugins\/seo\/ -->\n<title>Noc M\u00faze\u00ed a Gal\u00e9ri\u00ed<\/title>\n<meta name=\"description\" content=\"Noc M\u00faze\u00ed a Gal\u00e9ri\u00ed pokra\u010duje aj na hrade \u0160ari\u0161 ! Pripravili sme pre V\u00e1s zauj\u00edmav\u00fd program, ako napr\u00edklad, h\u013eadanie pokladov pre mal\u00fdch ale aj ve\u013ek\u00fdch dobrodruhov, no\u010dn\u00fd fak\u013eov\u00fd sprievod, hudobn\u00fd koncert a in\u00e9 aktivity. Za\u010d\u00edname od 18:00 hod. na n\u00e1dvor\u00ed hradu. Te\u0161\u00edme sa na V\u00e1s !\" \/>\n<meta name=\"robots\" content=\"index, follow, max-snippet:-1, max-image-preview:large, max-video-preview:-1\" \/>\n<link rel=\"canonical\" href=\"https:\/\/www.hradsaris.sk\/%tribe_events-slug%\/noc-muzei-a-galerii\/\" \/>\n<meta property=\"og:locale\" content=\"en_GB\" \/>\n<meta property=\"og:type\" content=\"article\" \/>\n<meta property=\"og:title\" content=\"Noc M\u00faze\u00ed a Gal\u00e9ri\u00ed\" \/>\n<meta property=\"og:description\" content=\"Noc M\u00faze\u00ed a Gal\u00e9ri\u00ed pokra\u010duje aj na hrade \u0160ari\u0161 ! Pripravili sme pre V\u00e1s zauj\u00edmav\u00fd program, ako napr\u00edklad, h\u013eadanie pokladov pre mal\u00fdch ale aj ve\u013ek\u00fdch dobrodruhov, no\u010dn\u00fd fak\u013eov\u00fd sprievod, hudobn\u00fd koncert a in\u00e9 aktivity. Za\u010d\u00edname od 18:00 hod. na n\u00e1dvor\u00ed hradu. Te\u0161\u00edme sa na V\u00e1s !\" \/>\n<meta property=\"og:url\" content=\"https:\/\/www.hradsaris.sk\/%tribe_events-slug%\/noc-muzei-a-galerii\/\" \/>\n<meta property=\"og:site_name\" content=\"Hrad \u0160ari\u0161\" \/>\n<meta property=\"article:modified_time\" content=\"2023-05-16T20:34:59+00:00\" \/>\n<meta property=\"og:image\" content=\"https:\/\/www.hradsaris.sk\/wp-content\/uploads\/2023\/05\/Noc-muzei-a-galerii-final-1-scaled.jpg\" \/>\n\t<meta property=\"og:image:width\" content=\"1810\" \/>\n\t<meta property=\"og:image:height\" content=\"2560\" \/>\n\t<meta property=\"og:image:type\" content=\"image\/jpeg\" \/>\n<meta name=\"twitter:card\" content=\"summary_large_image\" \/>\n<meta name=\"twitter:label1\" content=\"Estimated reading time\" \/>\n\t<meta name=\"twitter:data1\" content=\"1 minute\" \/>\n<script type=\"application\/ld+json\" class=\"yoast-schema-graph\">{\"@context\":\"https:\/\/schema.org\",\"@graph\":[{\"@type\":\"WebPage\",\"@id\":\"https:\/\/www.hradsaris.sk\/%tribe_events-slug%\/noc-muzei-a-galerii\/\",\"url\":\"https:\/\/www.hradsaris.sk\/%tribe_events-slug%\/noc-muzei-a-galerii\/\",\"name\":\"Noc M\u00faze\u00ed a Gal\u00e9ri\u00ed - Hrad \u0160ari\u0161\",\"isPartOf\":{\"@id\":\"https:\/\/www.hradsaris.sk\/#website\"},\"datePublished\":\"2023-05-15T16:48:47+00:00\",\"dateModified\":\"2023-05-16T20:34:59+00:00\",\"breadcrumb\":{\"@id\":\"https:\/\/www.hradsaris.sk\/%tribe_events-slug%\/noc-muzei-a-galerii\/#breadcrumb\"},\"inLanguage\":\"en-GB\",\"potentialAction\":[{\"@type\":\"ReadAction\",\"target\":[\"https:\/\/www.hradsaris.sk\/%tribe_events-slug%\/noc-muzei-a-galerii\/\"]}]},{\"@type\":\"BreadcrumbList\",\"@id\":\"https:\/\/www.hradsaris.sk\/%tribe_events-slug%\/noc-muzei-a-galerii\/#breadcrumb\",\"itemListElement\":[{\"@type\":\"ListItem\",\"position\":1,\"name\":\"Home\",\"item\":\"https:\/\/www.hradsaris.sk\/\"},{\"@type\":\"ListItem\",\"position\":2,\"name\":\"Udalosti\",\"item\":\"https:\/\/www.hradsaris.sk\/tribe_events\/\"},{\"@type\":\"ListItem\",\"position\":3,\"name\":\"Noc M\u00faze\u00ed a Gal\u00e9ri\u00ed\"}]},{\"@type\":\"WebSite\",\"@id\":\"https:\/\/www.hradsaris.sk\/#website\",\"url\":\"https:\/\/www.hradsaris.sk\/\",\"name\":\"Hrad \u0160ari\u0161\",\"description\":\"Historick\u00e9 srdce \u0160ari\u0161a\",\"potentialAction\":[{\"@type\":\"SearchAction\",\"target\":{\"@type\":\"EntryPoint\",\"urlTemplate\":\"https:\/\/www.hradsaris.sk\/?s={search_term_string}\"},\"query-input\":\"required name=search_term_string\"}],\"inLanguage\":\"en-GB\"}]}<\/script>\n<!-- \/ Yoast SEO plugin. -->","yoast_head_json":{"title":"Noc M\u00faze\u00ed a Gal\u00e9ri\u00ed","description":"Noc M\u00faze\u00ed a Gal\u00e9ri\u00ed pokra\u010duje aj na hrade \u0160ari\u0161 ! Pripravili sme pre V\u00e1s zauj\u00edmav\u00fd program, ako napr\u00edklad, h\u013eadanie pokladov pre mal\u00fdch ale aj ve\u013ek\u00fdch dobrodruhov, no\u010dn\u00fd fak\u013eov\u00fd sprievod, hudobn\u00fd koncert a in\u00e9 aktivity. Za\u010d\u00edname od 18:00 hod. na n\u00e1dvor\u00ed hradu. Te\u0161\u00edme sa na V\u00e1s !","robots":{"index":"index","follow":"follow","max-snippet":"max-snippet:-1","max-image-preview":"max-image-preview:large","max-video-preview":"max-video-preview:-1"},"canonical":"https:\/\/www.hradsaris.sk\/%tribe_events-slug%\/noc-muzei-a-galerii\/","og_locale":"en_GB","og_type":"article","og_title":"Noc M\u00faze\u00ed a Gal\u00e9ri\u00ed","og_description":"Noc M\u00faze\u00ed a Gal\u00e9ri\u00ed pokra\u010duje aj na hrade \u0160ari\u0161 ! Pripravili sme pre V\u00e1s zauj\u00edmav\u00fd program, ako napr\u00edklad, h\u013eadanie pokladov pre mal\u00fdch ale aj ve\u013ek\u00fdch dobrodruhov, no\u010dn\u00fd fak\u013eov\u00fd sprievod, hudobn\u00fd koncert a in\u00e9 aktivity. Za\u010d\u00edname od 18:00 hod. na n\u00e1dvor\u00ed hradu. Te\u0161\u00edme sa na V\u00e1s !","og_url":"https:\/\/www.hradsaris.sk\/%tribe_events-slug%\/noc-muzei-a-galerii\/","og_site_name":"Hrad \u0160ari\u0161","article_modified_time":"2023-05-16T20:34:59+00:00","og_image":[{"width":1810,"height":2560,"url":"https:\/\/www.hradsaris.sk\/wp-content\/uploads\/2023\/05\/Noc-muzei-a-galerii-final-1-scaled.jpg","type":"image\/jpeg"}],"twitter_card":"summary_large_image","twitter_misc":{"Estimated reading time":"1 minute"},"schema":{"@context":"https:\/\/schema.org","@graph":[{"@type":"WebPage","@id":"https:\/\/www.hradsaris.sk\/%tribe_events-slug%\/noc-muzei-a-galerii\/","url":"https:\/\/www.hradsaris.sk\/%tribe_events-slug%\/noc-muzei-a-galerii\/","name":"Noc M\u00faze\u00ed a Gal\u00e9ri\u00ed - Hrad \u0160ari\u0161","isPartOf":{"@id":"https:\/\/www.hradsaris.sk\/#website"},"datePublished":"2023-05-15T16:48:47+00:00","dateModified":"2023-05-16T20:34:59+00:00","breadcrumb":{"@id":"https:\/\/www.hradsaris.sk\/%tribe_events-slug%\/noc-muzei-a-galerii\/#breadcrumb"},"inLanguage":"en-GB","potentialAction":[{"@type":"ReadAction","target":["https:\/\/www.hradsaris.sk\/%tribe_events-slug%\/noc-muzei-a-galerii\/"]}]},{"@type":"BreadcrumbList","@id":"https:\/\/www.hradsaris.sk\/%tribe_events-slug%\/noc-muzei-a-galerii\/#breadcrumb","itemListElement":[{"@type":"ListItem","position":1,"name":"Home","item":"https:\/\/www.hradsaris.sk\/"},{"@type":"ListItem","position":2,"name":"Udalosti","item":"https:\/\/www.hradsaris.sk\/tribe_events\/"},{"@type":"ListItem","position":3,"name":"Noc M\u00faze\u00ed a Gal\u00e9ri\u00ed"}]},{"@type":"WebSite","@id":"https:\/\/www.hradsaris.sk\/#website","url":"https:\/\/www.hradsaris.sk\/","name":"Hrad \u0160ari\u0161","description":"Historick\u00e9 srdce \u0160ari\u0161a","potentialAction":[{"@type":"SearchAction","target":{"@type":"EntryPoint","urlTemplate":"https:\/\/www.hradsaris.sk\/?s={search_term_string}"},"query-input":"required name=search_term_string"}],"inLanguage":"en-GB"}]}},"_links":{"self":[{"href":"https:\/\/www.hradsaris.sk\/wp-json\/wp\/v2\/tribe_events\/32909"}],"collection":[{"href":"https:\/\/www.hradsaris.sk\/wp-json\/wp\/v2\/tribe_events"}],"about":[{"href":"https:\/\/www.hradsaris.sk\/wp-json\/wp\/v2\/types\/tribe_events"}],"author":[{"embeddable":true,"href":"https:\/\/www.hradsaris.sk\/wp-json\/wp\/v2\/users\/7"}],"replies":[{"embeddable":true,"href":"https:\/\/www.hradsaris.sk\/wp-json\/wp\/v2\/comments?post=32909"}],"version-history":[{"count":1,"href":"https:\/\/www.hradsaris.sk\/wp-json\/wp\/v2\/tribe_events\/32909\/revisions"}],"predecessor-version":[{"id":32911,"href":"https:\/\/www.hradsaris.sk\/wp-json\/wp\/v2\/tribe_events\/32909\/revisions\/32911"}],"wp:attachment":[{"href":"https:\/\/www.hradsaris.sk\/wp-json\/wp\/v2\/media?parent=32909"}],"wp:term":[{"taxonomy":"post_tag","embeddable":true,"href":"https:\/\/www.hradsaris.sk\/wp-json\/wp\/v2\/tags?post=32909"},{"taxonomy":"tribe_events_cat","embeddable":true,"href":"https:\/\/www.hradsaris.sk\/wp-json\/wp\/v2\/tribe_events_cat?post=32909"}],"curies":[{"name":"wp","href":"https:\/\/api.w.org\/{rel}","templated":true}]}}

Noc Múzeí a Galérií

<p>Noc Múzeí a Galérií pokračuje aj na hrade Šariš !</p>
<p>Pripravili sme pre Vás zaujímavý program, ako napríklad, hľadanie pokladov pre malých ale aj veľkých dobrodruhov, nočný fakľový sprievod, hudobný koncert a iné aktivity.</p>
<p>Začíname od 18:00 hod. na nádvorí hradu.</p>
<p>Tešíme sa na Vás !</p>

<p>Noc Múzeí a Galérií pokračuje aj na hrade Šariš ! Pripravili sme pre Vás zaujímavý program, ako napríklad, hľadanie pokladov pre malých ale aj veľkých dobrodruhov, nočný fakľový sprievod, hudobný</p>

<!-- This site is optimized with the Yoast SEO plugin v22.6 - https://yoast.com/wordpress/plugins/seo/ -->
<title>Noc Múzeí a Galérií</title>
<meta name="description" content="Noc Múzeí a Galérií pokračuje aj na hrade Šariš ! Pripravili sme pre Vás zaujímavý program, ako napríklad, hľadanie pokladov pre malých ale aj veľkých dobrodruhov, nočný fakľový sprievod, hudobný koncert a iné aktivity. Začíname od 18:00 hod. na nádvorí hradu. Tešíme sa na Vás !" />
<meta name="robots" content="index, follow, max-snippet:-1, max-image-preview:large, max-video-preview:-1" />
<link rel="canonical" href="https://www.hradsaris.sk/%tribe_events-slug%/noc-muzei-a-galerii/" />
<meta property="og:locale" content="en_GB" />
<meta property="og:type" content="article" />
<meta property="og:title" content="Noc Múzeí a Galérií" />
<meta property="og:description" content="Noc Múzeí a Galérií pokračuje aj na hrade Šariš ! Pripravili sme pre Vás zaujímavý program, ako napríklad, hľadanie pokladov pre malých ale aj veľkých dobrodruhov, nočný fakľový sprievod, hudobný koncert a iné aktivity. Začíname od 18:00 hod. na nádvorí hradu. Tešíme sa na Vás !" />
<meta property="og:url" content="https://www.hradsaris.sk/%tribe_events-slug%/noc-muzei-a-galerii/" />
<meta property="og:site_name" content="Hrad Šariš" />
<meta property="article:modified_time" content="2023-05-16T20:34:59+00:00" />
<meta property="og:image" content="https://www.hradsaris.sk/wp-content/uploads/2023/05/Noc-muzei-a-galerii-final-1-scaled.jpg" />
	<meta property="og:image:width" content="1810" />
	<meta property="og:image:height" content="2560" />
	<meta property="og:image:type" content="image/jpeg" />
<meta name="twitter:card" content="summary_large_image" />
<meta name="twitter:label1" content="Estimated reading time" />
	<meta name="twitter:data1" content="1 minute" />
<script type="application/ld+json" class="yoast-schema-graph">{"@context":"https://schema.org","@graph":[{"@type":"WebPage","@id":"https://www.hradsaris.sk/%tribe_events-slug%/noc-muzei-a-galerii/","url":"https://www.hradsaris.sk/%tribe_events-slug%/noc-muzei-a-galerii/","name":"Noc Múzeí a Galérií - Hrad Šariš","isPartOf":{"@id":"https://www.hradsaris.sk/#website"},"datePublished":"2023-05-15T16:48:47+00:00","dateModified":"2023-05-16T20:34:59+00:00","breadcrumb":{"@id":"https://www.hradsaris.sk/%tribe_events-slug%/noc-muzei-a-galerii/#breadcrumb"},"inLanguage":"en-GB","potentialAction":[{"@type":"ReadAction","target":["https://www.hradsaris.sk/%tribe_events-slug%/noc-muzei-a-galerii/"]}]},{"@type":"BreadcrumbList","@id":"https://www.hradsaris.sk/%tribe_events-slug%/noc-muzei-a-galerii/#breadcrumb","itemListElement":[{"@type":"ListItem","position":1,"name":"Home","item":"https://www.hradsaris.sk/"},{"@type":"ListItem","position":2,"name":"Udalosti","item":"https://www.hradsaris.sk/tribe_events/"},{"@type":"ListItem","position":3,"name":"Noc Múzeí a Galérií"}]},{"@type":"WebSite","@id":"https://www.hradsaris.sk/#website","url":"https://www.hradsaris.sk/","name":"Hrad Šariš","description":"Historické srdce Šariša","potentialAction":[{"@type":"SearchAction","target":{"@type":"EntryPoint","urlTemplate":"https://www.hradsaris.sk/?s={search_term_string}"},"query-input":"required name=search_term_string"}],"inLanguage":"en-GB"}]}</script>
<!-- / Yoast SEO plugin. -->

Noc Múzeí a Galérií pokračuje aj na hrade Šariš ! Pripravili sme pre Vás zaujímavý program, ako napríklad, hľadanie pokladov pre malých ale aj veľkých dobrodruhov, nočný fakľový sprievod, hudobný koncert a iné aktivity. Začíname od 18:00 hod. na nádvorí hradu. Tešíme sa na Vás !

Hrad Šariš

Noc Múzeí a Galérií - Hrad Šariš

Historické srdce Šariša
